{"id":31822,"date":"2023-07-13T17:39:38","date_gmt":"2023-07-13T15:39:38","guid":{"rendered":"http:\/\/usrogr.fr\/site\/?page_id=31822"},"modified":"2023-07-13T17:39:38","modified_gmt":"2023-07-13T15:39:38","slug":"videos-2022-2023","status":"publish","type":"page","link":"https:\/\/usrogr.fr\/site\/videos-2022-2023\/","title":{"rendered":"Vid\u00e9os 2022-2023"},"content":{"rendered":"\n<p>Retrouvez ici quelques vid\u00e9os de la saison (si vous souhaitez en voir appara\u00eetre d&rsquo;autres sur cette page n&rsquo;h\u00e9sitez pas \u00e0 <a href=\"mailto:contact@usrogr.fr\" data-type=\"mailto\" data-id=\"mailto:contact@usrogr.fr\" target=\"_blank\" rel=\"noreferrer noopener\">nous les envoyer<\/a>) : <\/p>\n\n\n\n<p class=\"has-medium-font-size\">Individuelles Nationales \/ F\u00e9d\u00e9rales \/ R\u00e9gionales A : <\/p>\n\n\n\n<figure class=\"wp-block-video\"><video height=\"352\" style=\"aspect-ratio: 640 \/ 352;\" width=\"640\" controls src=\"http:\/\/usrogr.fr\/site\/wp-content\/uploads\/2023\/07\/indiv_maelys_CDF.mp4\"><\/video><figcaption class=\"wp-element-caption\">Maelys au championnat de France<\/figcaption><\/figure>\n\n\n\n<figure class=\"wp-block-video\"><video height=\"352\" style=\"aspect-ratio: 640 \/ 352;\" width=\"640\" controls src=\"http:\/\/usrogr.fr\/site\/wp-content\/uploads\/2023\/07\/indiv_amelie_CDF.mp4\"><\/video><figcaption class=\"wp-element-caption\">Am\u00e9lie au championnat de France<\/figcaption><\/figure>\n\n\n\n<figure class=\"wp-block-video\"><video height=\"352\" style=\"aspect-ratio: 640 \/ 352;\" width=\"640\" controls src=\"http:\/\/usrogr.fr\/site\/wp-content\/uploads\/2023\/07\/indiv_aicha_interdep.mp4\"><\/video><figcaption class=\"wp-element-caption\">A\u00efcha \u00e0 l&rsquo;inter-d\u00e9partement<\/figcaption><\/figure>\n\n\n\n<figure class=\"wp-block-video\"><video height=\"352\" style=\"aspect-ratio: 640 \/ 352;\" width=\"640\" controls src=\"http:\/\/usrogr.fr\/site\/wp-content\/uploads\/2023\/07\/indiv_jeanne_dep.mp4\"><\/video><figcaption class=\"wp-element-caption\">Jeanne au d\u00e9partement<\/figcaption><\/figure>\n\n\n\n<figure class=\"wp-block-video\"><video height=\"352\" style=\"aspect-ratio: 640 \/ 352;\" width=\"640\" controls src=\"http:\/\/usrogr.fr\/site\/wp-content\/uploads\/2023\/07\/indiv_margot_dep.mp4\"><\/video><figcaption class=\"wp-element-caption\">Margot au d\u00e9partement<\/figcaption><\/figure>\n\n\n\n<figure class=\"wp-block-video\"><video height=\"480\" style=\"aspect-ratio: 848 \/ 480;\" width=\"848\" controls src=\"http:\/\/usrogr.fr\/site\/wp-content\/uploads\/2023\/07\/indiv_maymouna_interdep.mp4\"><\/video><figcaption class=\"wp-element-caption\">Maymouna \u00e0 l&rsquo;inter-d\u00e9partement<\/figcaption><\/figure>\n\n\n\n<figure class=\"wp-block-video\"><video height=\"352\" style=\"aspect-ratio: 640 \/ 352;\" width=\"640\" controls src=\"http:\/\/usrogr.fr\/site\/wp-content\/uploads\/2023\/07\/indiv_oceane_reg.mp4\"><\/video><figcaption class=\"wp-element-caption\">Oc\u00e9ane \u00e0 la r\u00e9gion<\/figcaption><\/figure>\n\n\n\n<figure class=\"wp-block-video\"><video height=\"352\" style=\"aspect-ratio: 640 \/ 352;\" width=\"640\" controls src=\"http:\/\/usrogr.fr\/site\/wp-content\/uploads\/2023\/07\/indiv_thea_dep.mp4\"><\/video><figcaption class=\"wp-element-caption\">Th\u00e9a au d\u00e9partement<\/figcaption><\/figure>\n\n\n\n<p class=\"has-medium-font-size\">Duos : <\/p>\n\n\n\n<figure class=\"wp-block-video\"><video height=\"352\" style=\"aspect-ratio: 640 \/ 352;\" width=\"640\" controls src=\"http:\/\/usrogr.fr\/site\/wp-content\/uploads\/2023\/07\/duo_fed_TC_CDF.mp4\"><\/video><figcaption class=\"wp-element-caption\">Duo F\u00e9d\u00e9ral A TC au championnat de France<\/figcaption><\/figure>\n\n\n\n<figure class=\"wp-block-video\"><video height=\"368\" style=\"aspect-ratio: 640 \/ 368;\" width=\"640\" controls src=\"http:\/\/usrogr.fr\/site\/wp-content\/uploads\/2023\/07\/duo_fed_13_CDF.mp4\"><\/video><figcaption class=\"wp-element-caption\">Duo F\u00e9d\u00e9ral A 13 ans et &#8211; au championnat de France<\/figcaption><\/figure>\n\n\n\n<p class=\"has-medium-font-size\">Gala : <\/p>\n\n\n\n<figure class=\"wp-block-video\"><video height=\"272\" style=\"aspect-ratio: 480 \/ 272;\" width=\"480\" controls src=\"http:\/\/usrogr.fr\/site\/wp-content\/uploads\/2023\/07\/gala.mov\"><\/video><\/figure>\n","protected":false},"excerpt":{"rendered":"<p>Retrouvez ici quelques vid\u00e9os de la saison (si vous souhaitez en voir appara\u00eetre d&rsquo;autres sur cette page n&rsquo;h\u00e9sitez pas \u00e0 nous les envoyer) : Individuelles Nationales \/ F\u00e9d\u00e9rales \/ R\u00e9gionales A : Duos : Gala :<\/p>\n","protected":false},"author":1,"featured_media":0,"parent":0,"menu_order":0,"comment_status":"closed","ping_status":"closed","template":"","meta":{"footnotes":""},"class_list":["post-31822","page","type-page","status-publish","hentry"],"_links":{"self":[{"href":"https:\/\/usrogr.fr\/site\/wp-json\/wp\/v2\/pages\/31822","targetHints":{"allow":["GET"]}}],"collection":[{"href":"https:\/\/usrogr.fr\/site\/wp-json\/wp\/v2\/pages"}],"about":[{"href":"https:\/\/usrogr.fr\/site\/wp-json\/wp\/v2\/types\/page"}],"author":[{"embeddable":true,"href":"https:\/\/usrogr.fr\/site\/wp-json\/wp\/v2\/users\/1"}],"replies":[{"embeddable":true,"href":"https:\/\/usrogr.fr\/site\/wp-json\/wp\/v2\/comments?post=31822"}],"version-history":[{"count":1,"href":"https:\/\/usrogr.fr\/site\/wp-json\/wp\/v2\/pages\/31822\/revisions"}],"predecessor-version":[{"id":31835,"href":"https:\/\/usrogr.fr\/site\/wp-json\/wp\/v2\/pages\/31822\/revisions\/31835"}],"wp:attachment":[{"href":"https:\/\/usrogr.fr\/site\/wp-json\/wp\/v2\/media?parent=31822"}],"curies":[{"name":"wp","href":"https:\/\/api.w.org\/{rel}","templated":true}]}}