{"id":31457,"date":"2022-08-25T09:08:02","date_gmt":"2022-08-25T07:08:02","guid":{"rendered":"http:\/\/usrogr.fr\/site\/?page_id=31457"},"modified":"2022-09-23T17:38:56","modified_gmt":"2022-09-23T15:38:56","slug":"resultats-2021-2022","status":"publish","type":"page","link":"https:\/\/usrogr.fr\/site\/resultats-2021-2022\/","title":{"rendered":"R\u00e9sultats 2021-2022"},"content":{"rendered":"\n<p class=\"has-large-font-size\">Coupes Formation :<\/p>\n\n\n\n<p>Bravo \u00e0 Am\u00e9lia BEZZI, Chlo\u00e9 BIENVAULT, Lahna BROUK, Kaylie-Rose DIBY, Emma Lina GAINE, Stellina RUBERTO et Sarata SOUMAHORO qui valident toutes leur Coupe Formation 2 !<\/p>\n\n\n\n<p>Bravo \u00e0 Hanaelle ABONDIO, Katalyna BAPTISTA LE NOACH, Emilie BEMBERA, Emmy MARAIT, Laila M&rsquo;ROUDJAE, Solange OLIVEIRA, Kaylia REIZO, Sherley SOLVAR et Alaa YAMINE qui valident toutes leur Coupe Formation 3 !<\/p>\n\n\n\n<p class=\"has-large-font-size\">Ensembles et duos : <\/p>\n\n\n\n<p class=\"has-medium-font-size\">Duo National :<\/p>\n\n\n\n<figure class=\"wp-block-table is-style-stripes\"><table><tbody><tr><td>Toutes cat\u00e9gories<\/td><td>D\u00e9partement<\/td><td>Interd\u00e9partement<\/td><td>R\u00e9gion<\/td><td>France<\/td><\/tr><tr><td>Olivia COIMBRA<br>Amandine RAOULT<\/td><td>3\u00e8<\/td><td>4\u00e8<\/td><td>22\u00e8<\/td><td>\/<\/td><\/tr><\/tbody><\/table><\/figure>\n\n\n\n<p class=\"has-medium-font-size\">Duo F\u00e9d\u00e9ral A : <\/p>\n\n\n\n<figure class=\"wp-block-table is-style-stripes\"><table><tbody><tr><td>Toutes cat\u00e9gories<\/td><td>D\u00e9partement<\/td><td>Interd\u00e9partement<\/td><td>R\u00e9gion<\/td><td>France<\/td><\/tr><tr><td>Margot BANSARD<br>Th\u00e9a VILLATEL<\/td><td>Forfait<\/td><td>3\u00e8<\/td><td>1\u00e8<\/td><td>7\u00e8<\/td><\/tr><\/tbody><\/table><\/figure>\n\n\n\n<p class=\"has-medium-font-size\">Ensemble F\u00e9d\u00e9ral B :<\/p>\n\n\n\n<figure class=\"wp-block-table is-style-stripes\"><table><tbody><tr><td>13 ans et &#8211;<\/td><td>D\u00e9partement<\/td><td>Interd\u00e9partement<\/td><td>R\u00e9gion<\/td><td>France<\/td><\/tr><tr><td>Am\u00e9lie DESCOUBES<br>Sophia DUMA<br>Maymouna SOW<br>Enolane TERRASSE<br>A\u00efcha YAMINE<\/td><td>1e<\/td><td>2\u00e8<\/td><td>5\u00e8<\/td><td>12\u00e8<\/td><\/tr><\/tbody><\/table><figcaption>Suite \u00e0 une erreur de calcul, l&rsquo;ensemble a \u00e9t\u00e9 annonc\u00e9 2\u00e8me lors du palmar\u00e8s<\/figcaption><\/figure>\n\n\n\n<p class=\"has-medium-font-size\">Duo R\u00e9gional : <\/p>\n\n\n\n<figure class=\"wp-block-table is-style-stripes\"><table><tbody><tr><td>13 ans et &#8211;<\/td><td>D\u00e9partement<\/td><td>Interd\u00e9partement<\/td><td>R\u00e9gion<\/td><\/tr><tr><td>Hanya KEBBAB<br>Leslie LE MENELEC PAISLEY<\/td><td>3\u00e8<\/td><td>9\u00e8<\/td><td>15\u00e8<\/td><\/tr><\/tbody><\/table><\/figure>\n\n\n\n<figure class=\"wp-block-table is-style-stripes\"><table><tbody><tr><td>Toutes cat\u00e9gories<\/td><td>D\u00e9partement<\/td><td>Interd\u00e9partement<\/td><td>R\u00e9gion<\/td><\/tr><tr><td>Jeanne BANSARD<br>Lyna MICHEL<\/td><td>1e<\/td><td>5\u00e8<\/td><td>2\u00e8<\/td><\/tr><\/tbody><\/table><\/figure>\n\n\n\n<p class=\"has-medium-font-size\">Ensemble R\u00e9gional : <\/p>\n\n\n\n<figure class=\"wp-block-table is-style-stripes\"><table><tbody><tr><td>10-11 ans<\/td><td>D\u00e9partement<\/td><td>Interd\u00e9partement<\/td><td>R\u00e9gion<\/td><\/tr><tr><td>Viktoria AMOYAN<br>Assia DIMASSI<br>Fanta In\u00e8s FANE<br>Inaya LOUKAH<br>Lyne ZARRAA<\/td><td>6\u00e8<\/td><td>6\u00e8<\/td><td>20\u00e8<\/td><\/tr><\/tbody><\/table><\/figure>\n\n\n\n<p class=\"has-large-font-size\">Individuelles R\u00e9gionales B : <\/p>\n\n\n\n<figure class=\"wp-block-table is-style-stripes\"><table><tbody><tr><td>10-11 ans<\/td><td>D\u00e9partement<\/td><td>R\u00e9gion<\/td><\/tr><tr><td>Sarah NAJI<\/td><td>8\u00e8<\/td><td>5\u00e8<\/td><\/tr><\/tbody><\/table><\/figure>\n\n\n\n<figure class=\"wp-block-table is-style-stripes\"><table><tbody><tr><td>12-13 ans<\/td><td>D\u00e9partement<\/td><td>R\u00e9gion<\/td><\/tr><tr><td>Rime ALKATMOUR<\/td><td>7\u00e8<\/td><td>7\u00e8<\/td><\/tr><\/tbody><\/table><\/figure>\n\n\n\n<figure class=\"wp-block-table is-style-stripes\"><table><tbody><tr><td>16-17 ans<\/td><td>D\u00e9partement<\/td><td>R\u00e9gion<\/td><\/tr><tr><td>Chlo\u00e9 VAYRE<\/td><td>9\u00e8<\/td><td>11\u00e8<\/td><\/tr><\/tbody><\/table><\/figure>\n\n\n\n<p>Toutes les notes : <\/p>\n\n\n\n<div class=\"wp-block-buttons is-horizontal is-content-justification-center is-layout-flex wp-container-core-buttons-is-layout-ddb39544 wp-block-buttons-is-layout-flex\">\n<div class=\"wp-block-button aligncenter\"><a class=\"wp-block-button__link has-white-color has-vivid-cyan-blue-background-color has-text-color has-background\" href=\"http:\/\/usrogr.fr\/site\/DL\/compets\/2021-2022\/2022_02_res_dep_ensembles.pdf\" target=\"_blank\" rel=\"noreferrer noopener\">D\u00e9partement<\/a><\/div>\n\n\n\n<div class=\"wp-block-button\"><a class=\"wp-block-button__link has-white-color has-vivid-cyan-blue-background-color has-text-color has-background\" href=\"http:\/\/usrogr.fr\/site\/DL\/compets\/2021-2022\/2022_03_res_interdep_nat.pdf\" target=\"_blank\" rel=\"noreferrer noopener\">Inter d\u00e9partement NAT et indiv REG<\/a><\/div>\n\n\n\n<div class=\"wp-block-button\"><a class=\"wp-block-button__link has-white-color has-vivid-cyan-blue-background-color has-text-color has-background\" href=\"http:\/\/usrogr.fr\/site\/DL\/compets\/2021-2022\/2022_04_res_interdep_ens_FED_REG.pdf\" target=\"_blank\" rel=\"noreferrer noopener\">Inter d\u00e9partement ensembles FED et REG<\/a><\/div>\n\n\n\n<div class=\"wp-block-button\"><a class=\"wp-block-button__link has-white-color has-vivid-cyan-blue-background-color has-text-color has-background\" href=\"http:\/\/usrogr.fr\/site\/DL\/compets\/2021-2022\/2022_04_res_reg_NAT.pdf\" target=\"_blank\" rel=\"noreferrer noopener\">R\u00e9gion ensembles NAT<\/a><\/div>\n\n\n\n<div class=\"wp-block-button\"><a class=\"wp-block-button__link has-white-color has-vivid-cyan-blue-background-color has-text-color has-background\" href=\"http:\/\/usrogr.fr\/site\/DL\/compets\/2021-2022\/2022_05_res_reg_FED.pdf\" target=\"_blank\" rel=\"noreferrer noopener\">R\u00e9gion ensembles FED<\/a><\/div>\n\n\n\n<div class=\"wp-block-button\"><a class=\"wp-block-button__link has-white-color has-vivid-cyan-blue-background-color has-text-color has-background\" href=\"http:\/\/usrogr.fr\/site\/DL\/compets\/2021-2022\/2022_05_22_res_reg_REG.pdf\" target=\"_blank\" rel=\"noreferrer noopener\">R\u00e9gion ensemble REG<\/a><\/div>\n\n\n\n<div class=\"wp-block-button\"><a class=\"wp-block-button__link has-white-color has-vivid-cyan-blue-background-color has-text-color has-background\" href=\"http:\/\/usrogr.fr\/site\/DL\/compets\/2021-2022\/2022-06-11_res_France_FED_ens.pdf\" target=\"_blank\" rel=\"noreferrer noopener\">France ensemble Fed B 13-<\/a><\/div>\n\n\n\n<div class=\"wp-block-button\"><a class=\"wp-block-button__link has-white-color has-vivid-cyan-blue-background-color has-text-color has-background\" href=\"http:\/\/usrogr.fr\/site\/DL\/compets\/2021-2022\/2022-06-11_res_France_FED_duo.pdf\" target=\"_blank\" rel=\"noreferrer noopener\">France duo Fed A TC<\/a><\/div>\n<\/div>\n\n\n\n<p class=\"has-large-font-size\">Individuelles Nationales, F\u00e9d\u00e9rales et R\u00e9gionales A : <\/p>\n\n\n\n<p class=\"has-medium-font-size\"> National C :<\/p>\n\n\n\n<figure class=\"wp-block-table is-style-stripes\"><table><tbody><tr><td>18 ans et +<\/td><td>D\u00e9partement<\/td><td>Interd\u00e9partement<\/td><td>R\u00e9gion<\/td><td>France<\/td><\/tr><tr><td>Olivia COIMBRA<\/td><td>11\u00e8<\/td><td>18\u00e8<\/td><td>\/<\/td><td>\/<\/td><\/tr><tr><td>Laura LE HECHO<\/td><td>10\u00e8<\/td><td>forfait<\/td><td>\/<\/td><td>\/<\/td><\/tr><tr><td>Amandine RAOULT<\/td><td>7\u00e8<\/td><td>15\u00e8<\/td><td>\/<\/td><td>\/<\/td><\/tr><\/tbody><\/table><\/figure>\n\n\n\n<p class=\"has-medium-font-size\">F\u00e9d\u00e9ral : <\/p>\n\n\n\n<figure class=\"wp-block-table is-style-stripes\"><table><tbody><tr><td>12-13 ans<\/td><td>D\u00e9partement<\/td><td>Interd\u00e9partement<\/td><td>R\u00e9gion<\/td><td>France<\/td><\/tr><tr><td>Ma\u00eblys GAUTHIER<\/td><td>1\u00e8<\/td><td>6\u00e8<\/td><td>4\u00e8<\/td><td>4\u00e8<\/td><\/tr><\/tbody><\/table><\/figure>\n\n\n\n<figure class=\"wp-block-table is-style-stripes\"><table><tbody><tr><td>14-15 ans<\/td><td>D\u00e9partement<\/td><td>Interd\u00e9partement<\/td><td>R\u00e9gion<\/td><td>France<\/td><\/tr><tr><td>Th\u00e9a VILLATEL<\/td><td>8\u00e8<\/td><td>2\u00e8<\/td><td>9\u00e8<\/td><td>\/<\/td><\/tr><\/tbody><\/table><\/figure>\n\n\n\n<figure class=\"wp-block-table is-style-stripes\"><table><tbody><tr><td>18 ans et +<\/td><td>D\u00e9partement<\/td><td>Interd\u00e9partement<\/td><td>R\u00e9gion<\/td><td>France<\/td><\/tr><tr><td>Margot BANSARD<\/td><td>12\u00e8<\/td><td>7\u00e8<\/td><td>25\u00e8<\/td><td>\/<\/td><\/tr><tr><td>Rebecca PETITEAU<\/td><td>7\u00e8<\/td><td>8\u00e8<\/td><td>17\u00e8<\/td><td>\/<\/td><\/tr><\/tbody><\/table><\/figure>\n\n\n\n<p class=\"has-medium-font-size\">R\u00e9gional A : <\/p>\n\n\n\n<figure class=\"wp-block-table is-style-stripes\"><table><tbody><tr><td>10-11 ans<\/td><td>D\u00e9partement<\/td><td>Interd\u00e9partement<\/td><td>R\u00e9gion<\/td><\/tr><tr><td>Maymouna SOW<\/td><td>4\u00e8<\/td><td>6\u00e8<\/td><td>25\u00e8<\/td><\/tr><tr><td>A\u00efcha YAMINE<\/td><td><span class=\"has-inline-color has-black-color\">1\u00e8<\/span><\/td><td>4\u00e8<\/td><td>1\u00e8<\/td><\/tr><\/tbody><\/table><\/figure>\n\n\n\n<figure class=\"wp-block-table is-style-stripes\"><table><tbody><tr><td>12-13 ans<\/td><td>D\u00e9partement<\/td><td>Interd\u00e9partement<\/td><td>R\u00e9gion<\/td><\/tr><tr><td>Am\u00e9lie DESCOUBES<\/td><td>3\u00e8<\/td><td>12\u00e8<\/td><td>11\u00e8<\/td><\/tr><tr><td>Sophia DUMA<\/td><td>9\u00e8<\/td><td>6\u00e8<\/td><td>8\u00e8<\/td><\/tr><tr><td>Enolane TERRASSE<\/td><td>2\u00e8<\/td><td>4\u00e8<\/td><td>4\u00e8<\/td><\/tr><\/tbody><\/table><\/figure>\n\n\n\n<figure class=\"wp-block-table is-style-stripes\"><table><tbody><tr><td>14-15 ans<\/td><td>D\u00e9partement<\/td><td>Interd\u00e9partement<\/td><td>R\u00e9gion<\/td><\/tr><tr><td>Jeanne BANSARD<\/td><td>7\u00e8<\/td><td>8\u00e8<\/td><td>27\u00e8<\/td><\/tr><\/tbody><\/table><\/figure>\n\n\n\n<p><\/p>\n\n\n\n<p>Toutes les notes : <\/p>\n\n\n\n<div class=\"wp-block-buttons is-layout-flex wp-block-buttons-is-layout-flex\">\n<div class=\"wp-block-button\"><a class=\"wp-block-button__link has-white-color has-vivid-cyan-blue-background-color has-text-color has-background\" href=\"http:\/\/usrogr.fr\/site\/DL\/compets\/2021-2022\/2021_10_17_dep_palmares.pdf\">D\u00e9partement<\/a><\/div>\n\n\n\n<div class=\"wp-block-button\"><a class=\"wp-block-button__link has-white-color has-vivid-cyan-blue-background-color has-text-color has-background\" href=\"http:\/\/usrogr.fr\/site\/DL\/compets\/2021-2022\/2021_11_15_resultats_wissous.pdf\">Inter-d\u00e9partement<\/a><\/div>\n\n\n\n<div class=\"wp-block-button\"><a class=\"wp-block-button__link has-white-color has-vivid-cyan-blue-background-color has-text-color has-background\" href=\"http:\/\/usrogr.fr\/site\/DL\/compets\/2021-2022\/2021_12_13_res_reg_indiv.pdf\">R\u00e9gion<\/a><\/div>\n\n\n\n<div class=\"wp-block-button\"><a class=\"wp-block-button__link has-white-color has-vivid-cyan-blue-background-color has-text-color has-background\" href=\"http:\/\/usrogr.fr\/site\/DL\/compets\/2021-2022\/2022_01_GR%20-%20CF%20et%20TF%20Individuel%202022-%20Palmar%c3%a8s.pdf\">Championnat de France<\/a><\/div>\n<\/div>\n\n\n\n<p class=\"has-large-font-size\"><\/p>\n","protected":false},"excerpt":{"rendered":"<p>Coupes Formation : Bravo \u00e0 Am\u00e9lia BEZZI, Chlo\u00e9 BIENVAULT, Lahna BROUK, Kaylie-Rose DIBY, Emma Lina GAINE, Stellina RUBERTO et Sarata SOUMAHORO qui valident toutes leur Coupe Formation 2 ! Bravo \u00e0 Hanaelle ABONDIO, Katalyna BAPTISTA LE NOACH, Emilie BEMBERA, Emmy MARAIT, Laila M&rsquo;ROUDJAE, Solange OLIVEIRA, Kaylia REIZO, Sherley SOLVAR et Alaa YAMINE qui valident toutes [&hellip;]<\/p>\n","protected":false},"author":1,"featured_media":0,"parent":0,"menu_order":0,"comment_status":"closed","ping_status":"closed","template":"","meta":{"footnotes":""},"class_list":["post-31457","page","type-page","status-publish","hentry"],"_links":{"self":[{"href":"https:\/\/usrogr.fr\/site\/wp-json\/wp\/v2\/pages\/31457","targetHints":{"allow":["GET"]}}],"collection":[{"href":"https:\/\/usrogr.fr\/site\/wp-json\/wp\/v2\/pages"}],"about":[{"href":"https:\/\/usrogr.fr\/site\/wp-json\/wp\/v2\/types\/page"}],"author":[{"embeddable":true,"href":"https:\/\/usrogr.fr\/site\/wp-json\/wp\/v2\/users\/1"}],"replies":[{"embeddable":true,"href":"https:\/\/usrogr.fr\/site\/wp-json\/wp\/v2\/comments?post=31457"}],"version-history":[{"count":2,"href":"https:\/\/usrogr.fr\/site\/wp-json\/wp\/v2\/pages\/31457\/revisions"}],"predecessor-version":[{"id":31500,"href":"https:\/\/usrogr.fr\/site\/wp-json\/wp\/v2\/pages\/31457\/revisions\/31500"}],"wp:attachment":[{"href":"https:\/\/usrogr.fr\/site\/wp-json\/wp\/v2\/media?parent=31457"}],"curies":[{"name":"wp","href":"https:\/\/api.w.org\/{rel}","templated":true}]}}