{"id":30845,"date":"2021-07-08T11:56:37","date_gmt":"2021-07-08T09:56:37","guid":{"rendered":"http:\/\/usrogr.fr\/site\/?page_id=30845"},"modified":"2021-07-08T11:56:37","modified_gmt":"2021-07-08T09:56:37","slug":"resultats-2010-2011","status":"publish","type":"page","link":"https:\/\/usrogr.fr\/site\/resultats-2010-2011\/","title":{"rendered":"R\u00e9sultats 2010-2011"},"content":{"rendered":"\n<p class=\"has-large-font-size\">Ensembles \/ Duos<\/p>\n\n\n\n<p>DC1<br><\/p>\n\n\n\n<figure class=\"wp-block-table is-style-stripes\"><table><tbody><tr><td><strong>Minimes<\/strong><\/td><td>D\u00e9partement <a href=\"http:\/\/usrogr.fr\/DL\/depdfcorbeil.pdf\" target=\"_blank\" rel=\"noreferrer noopener\">(r\u00e9sultats)<\/a><\/td><td>R\u00e9gion <a href=\"http:\/\/usrogr.fr\/DL\/result_evry_11.pdf\" target=\"_blank\" rel=\"noreferrer noopener\">(r\u00e9sultats)<\/a><\/td><td>Zone <a href=\"http:\/\/usrogr.fr\/DL\/palmares_zone_gr_dc_dir_2011___v0.pdf\" target=\"_blank\" rel=\"noreferrer noopener\">(r\u00e9sultats)<\/a><\/td><td>France<\/td><\/tr><tr><td>Orlane ARDON, Quynh-Anh DANG, Morgane L&rsquo;HOSTIS, Maissane SADKI<\/td><td><img loading=\"lazy\" decoding=\"async\" src=\"http:\/\/usrogr.fr\/img\/3.gif\" alt=\"3\u00e8\" width=\"36\" height=\"27\"><\/td><td>6\u00e8<\/td><td>8\u00e8<\/td><td>~<\/td><\/tr><tr><td>&nbsp;<\/td><\/tr><tr><td><strong>Cadettes<\/strong><\/td><td>D\u00e9partement <a href=\"http:\/\/usrogr.fr\/DL\/depdfcorbeil.pdf\" target=\"_blank\" rel=\"noreferrer noopener\">(r\u00e9sultats)<\/a><\/td><td>R\u00e9gion <a href=\"http:\/\/usrogr.fr\/DL\/result_evry_11.pdf\" target=\"_blank\" rel=\"noreferrer noopener\">(r\u00e9sultats)<\/a><\/td><td>Zone <a href=\"http:\/\/usrogr.fr\/DL\/palmares_zone_gr_dc_dir_2011___v0.pdf\" target=\"_blank\" rel=\"noreferrer noopener\">(r\u00e9sultats)<\/a><\/td><td>France<\/td><\/tr><tr><td>Julie BONHOMME, Coralie COURTOIS, Aliz\u00e9e LEJUSTE-DINE, Chlo\u00e9 LEMAIRE<\/td><td>8\u00e8<\/td><td>5\u00e8<\/td><td>22\u00e8<\/td><td>~<\/td><\/tr><\/tbody><\/table><\/figure>\n\n\n\n<p>DC2<br><\/p>\n\n\n\n<figure class=\"wp-block-table is-style-stripes\"><table><tbody><tr><td><strong>Benjamines<\/strong><\/td><td>D\u00e9partement <a href=\"http:\/\/usrogr.fr\/DL\/depdfcorbeil.pdf\" target=\"_blank\" rel=\"noreferrer noopener\">(r\u00e9sultats)<\/a><\/td><td>R\u00e9gion<\/td><td>Zone<\/td><td>France<\/td><\/tr><tr><td>Camille ARAUJO, Julia BOUDRANE, Victoria BOUZEMAM, Lena GASPAR, M\u00e9lissandre HADZIC<\/td><td>9\u00e8<\/td><td><em>forfait<\/em><\/td><td>~<\/td><td>~<\/td><\/tr><\/tbody><\/table><\/figure>\n\n\n\n<p>DC4<\/p>\n\n\n\n<figure class=\"wp-block-table is-style-stripes\"><table><tbody><tr><td><strong>Cadettes\/junior\/senior<\/strong><\/td><td>D\u00e9partement <a href=\"http:\/\/usrogr.fr\/DL\/depdfcorbeil.pdf\" target=\"_blank\" rel=\"noreferrer noopener\">(r\u00e9sultats)<\/a><\/td><td>R\u00e9gion <a href=\"http:\/\/usrogr.fr\/DL\/result_evry_11.pdf\" target=\"_blank\" rel=\"noreferrer noopener\">(r\u00e9sultats)<\/a><\/td><td>Zone <a href=\"http:\/\/usrogr.fr\/DL\/palmares_zone_gr_dc_dir_2011___v0.pdf\" target=\"_blank\" rel=\"noreferrer noopener\">(r\u00e9sultats)<\/a><\/td><td>France<\/td><\/tr><tr><td>Olivia BOUZEMAM, Agathe CREMER, Marie PEREZ, Mathilde GRAVINA, Julia JOURNET, Elodie MARTIN<\/td><td>5\u00e8<\/td><td><img loading=\"lazy\" decoding=\"async\" src=\"http:\/\/usrogr.fr\/img\/3.gif\" alt=\"3\u00e8\" width=\"36\" height=\"27\"><\/td><td>13\u00e8<\/td><td>~<\/td><\/tr><\/tbody><\/table><\/figure>\n\n\n\n<figure class=\"wp-block-table is-style-stripes\"><table><tbody><tr><td>DF2<\/td><\/tr><tr><td><strong>Benjamines \/ minimes<\/strong><\/td><td>D\u00e9partement <a href=\"http:\/\/usrogr.fr\/DL\/depdfcorbeil.pdf\" target=\"_blank\" rel=\"noreferrer noopener\">(r\u00e9sultats)<\/a><\/td><td>R\u00e9gion<a href=\"http:\/\/usrogr.fr\/DL\/result_reg_df2.pdf\" target=\"_blank\" rel=\"noreferrer noopener\"> (r\u00e9sultats)<\/a><\/td><td>Zone <a href=\"http:\/\/usrogr.fr\/DL\/palmares_df_zone___2011___elancourt.pdf\" target=\"_blank\" rel=\"noreferrer noopener\">(r\u00e9sultats)<\/a><\/td><td>France<\/td><\/tr><tr><td>Clara CHADAL, Vincianne REINHARD<\/td><td><img loading=\"lazy\" decoding=\"async\" src=\"http:\/\/usrogr.fr\/img\/3.gif\" alt=\"3\u00e8\" width=\"36\" height=\"27\"><\/td><td>9\u00e8<\/td><td>11\u00e8<\/td><td>~<\/td><\/tr><tr><td>Marie CAQUELOT, Olivia COIMBRA<\/td><td>4\u00e8<\/td><td>7\u00e8<\/td><td>14\u00e8<\/td><td>~<\/td><\/tr><tr><td><\/td><\/tr><tr><td><strong>Cadettes \/ junior \/ senior<\/strong><\/td><td>D\u00e9partement <a href=\"http:\/\/usrogr.fr\/DL\/depdfcorbeil.pdf\" target=\"_blank\" rel=\"noreferrer noopener\">(r\u00e9sultats)<\/a><\/td><td>R\u00e9gion<a href=\"http:\/\/usrogr.fr\/DL\/result_reg_df2.pdf\" target=\"_blank\" rel=\"noreferrer noopener\"> (r\u00e9sultats)<\/a><\/td><td>Zone <a href=\"http:\/\/usrogr.fr\/DL\/palmares_df_zone___2011___elancourt.pdf\" target=\"_blank\" rel=\"noreferrer noopener\">(r\u00e9sultats)<\/a><\/td><td>France<\/td><\/tr><tr><td>Alejandra et Jennifer BALTAR<\/td><td><img loading=\"lazy\" decoding=\"async\" src=\"http:\/\/usrogr.fr\/img\/3.gif\" alt=\"3\u00e8\" width=\"36\" height=\"27\"><\/td><td>7\u00e8<\/td><td>8\u00e8<\/td><td>~<\/td><\/tr><tr><td>D\u00e9borah et Eva CHEMOUL<\/td><td><img loading=\"lazy\" decoding=\"async\" src=\"http:\/\/usrogr.fr\/img\/2.gif\" alt=\"2\u00e8\" width=\"36\" height=\"27\"><\/td><td>8\u00e8<\/td><td>22\u00e8<\/td><td>~<\/td><\/tr><\/tbody><\/table><\/figure>\n\n\n\n<p><\/p>\n\n\n\n<p class=\"has-large-font-size\">Individuelles DIR 1 :<\/p>\n\n\n\n<figure class=\"wp-block-table is-style-stripes\"><table><tbody><tr><td><strong>Benjamines<\/strong><\/td><td>D\u00e9partement <a href=\"http:\/\/usrogr.fr\/DL\/87C9012Ad01.pdf\" target=\"_blank\" rel=\"noreferrer noopener\">(r\u00e9sultats)<\/a><\/td><td>R\u00e9gion <a href=\"http:\/\/usrogr.fr\/DL\/result_evry_11.pdf\" target=\"_blank\" rel=\"noreferrer noopener\">(r\u00e9sultats)<\/a><\/td><td>Zone<\/td><\/tr><tr><td>Camille ARAUJO<\/td><td>22\u00e8<\/td><td>25\u00e8<\/td><td>~<\/td><\/tr><tr><td><strong>Minimes<\/strong><\/td><td>D\u00e9partement <a href=\"http:\/\/usrogr.fr\/DL\/87C9012Ad01.pdf\" target=\"_blank\" rel=\"noreferrer noopener\">(r\u00e9sultats)<\/a><\/td><td>R\u00e9gion <a href=\"http:\/\/usrogr.fr\/DL\/result_ris_11.pdf\" target=\"_blank\" rel=\"noreferrer noopener\">(r\u00e9sultats)<\/a><\/td><td>Zone<\/td><\/tr><tr><td>Naomie GAUGIRARD<\/td><td>12\u00e8<\/td><td>11\u00e8<\/td><td>~<\/td><\/tr><tr><td>Christelle RESTOUX<\/td><td>26\u00e8<\/td><td>~<\/td><td>~<\/td><\/tr><tr><td><strong>Cadettes<\/strong><\/td><td>D\u00e9partement <a href=\"http:\/\/usrogr.fr\/DL\/87C9012Ad01.pdf\" target=\"_blank\" rel=\"noreferrer noopener\">(r\u00e9sultats)<\/a><\/td><td>R\u00e9gion<\/td><td>Zone<\/td><\/tr><tr><td>Fr\u00e9d\u00e9rique FALLOPE<\/td><td>24\u00e8<\/td><td>~<\/td><td>~<\/td><\/tr><\/tbody><\/table><\/figure>\n\n\n\n<p><\/p>\n\n\n\n<p class=\"has-large-font-size\">Individuelles Crit\u00e9rium \/ Pr\u00e9-f\u00e9d\u00e9rales \/ F\u00e9d\u00e9rales :<\/p>\n\n\n\n<p>Crit\u00e9rium :<\/p>\n\n\n\n<figure class=\"wp-block-table is-style-stripes\"><table><tbody><tr><td><strong>Benjamines<\/strong><\/td><td>D\u00e9partement <a href=\"http:\/\/usrogr.fr\/DL\/Selection Benja.pdf\" target=\"_blank\" rel=\"noreferrer noopener\">(r\u00e9sultats)<\/a><\/td><td>R\u00e9gion <a href=\"http:\/\/usrogr.fr\/DL\/9AC7C1B6d01.pdf\" target=\"_blank\" rel=\"noreferrer noopener\">(r\u00e9sultats)<\/a><\/td><td>Zone <a href=\"http:\/\/usrogr.fr\/DL\/zone_idf_individuelles_gr_les_11_et_12_decembre_2010_a_creteil.pdf\" target=\"_blank\" rel=\"noreferrer noopener\">(r\u00e9sultats)<\/a><\/td><td>France<\/td><\/tr><tr><td>Marie CAQUELOT<\/td><td>S\u00e9lection benjamines<\/td><td>23 \u00e8<\/td><td>~<\/td><td>finalit\u00e9 zone<\/td><\/tr><tr><td>Clara CHADAL<\/td><td>S\u00e9lection benjamines<\/td><td>5 \u00e8<\/td><td>17\u00e8<\/td><td>finalit\u00e9 zone<\/td><\/tr><tr><td>Olivia COIMBRA<\/td><td>S\u00e9lection benjamines<\/td><td>20\u00e8<\/td><td>~<\/td><td>finalit\u00e9 zone<\/td><\/tr><tr><td><strong>Minimes<\/strong><\/td><td>D\u00e9partement <a href=\"http:\/\/usrogr.fr\/DL\/cc.pdf\" target=\"_blank\" rel=\"noreferrer noopener\">(r\u00e9sultats)<\/a><\/td><td>R\u00e9gion <a href=\"http:\/\/usrogr.fr\/DL\/9AC7C1B6d01.pdf\" target=\"_blank\" rel=\"noreferrer noopener\">(r\u00e9sultats)<\/a><\/td><td>Zone <a href=\"http:\/\/usrogr.fr\/DL\/zone_idf_individuelles_gr_les_11_et_12_decembre_2010_a_creteil.pdf\" target=\"_blank\" rel=\"noreferrer noopener\">(r\u00e9sultats)<\/a><\/td><td>France<\/td><\/tr><tr><td>Orlane ARDON<\/td><td>4\u00e8<\/td><td>8 \u00e8<\/td><td>21\u00e8<\/td><td>~<\/td><\/tr><tr><td>Quynh-Anh DANG<\/td><td>9\u00e8<\/td><td>12 \u00e8<\/td><td>~<\/td><td>~<\/td><\/tr><tr><td>Ma\u00efssane SADKI<\/td><td>8\u00e8<\/td><td>19 \u00e8<\/td><td>~<\/td><td>~<\/td><\/tr><tr><td><strong>Cadettes<\/strong><\/td><td>D\u00e9partement <a href=\"http:\/\/usrogr.fr\/DL\/cc.pdf\" target=\"_blank\" rel=\"noreferrer noopener\">(r\u00e9sultats)<\/a><\/td><td>R\u00e9gion <a href=\"http:\/\/usrogr.fr\/DL\/9AC7C1B6d01.pdf\" target=\"_blank\" rel=\"noreferrer noopener\">(r\u00e9sultats)<\/a><\/td><td>Zone <a href=\"http:\/\/usrogr.fr\/DL\/zone_idf_individuelles_gr_les_11_et_12_decembre_2010_a_creteil.pdf\" target=\"_blank\" rel=\"noreferrer noopener\">(r\u00e9sultats)<\/a><\/td><td>France<\/td><\/tr><tr><td>Julie BONHOMME<\/td><td>27\u00e8<\/td><td>13 \u00e8<\/td><td>~<\/td><td>~<\/td><\/tr><tr><td>Coralie COURTOIS<\/td><td>30\u00e8<\/td><td>16 \u00e8<\/td><td>~<\/td><td>~<\/td><\/tr><tr><td>Aliz\u00e9e LEJUSTE-DINE<\/td><td>35\u00e8<\/td><td>25 \u00e8<\/td><td>~<\/td><td>~<\/td><\/tr><tr><td>Chlo\u00e9 LEMAIRE<\/td><td>22\u00e8<\/td><td><img loading=\"lazy\" decoding=\"async\" src=\"http:\/\/usrogr.fr\/img\/1.gif\" alt=\"1 \u00e8\" width=\"36\" height=\"27\"><\/td><td>23\u00e8<\/td><td>~<\/td><\/tr><\/tbody><\/table><\/figure>\n\n\n\n<p>Pr\u00e9-F\u00e9d\u00e9rales :<\/p>\n\n\n\n<figure class=\"wp-block-table is-style-stripes\"><table><tbody><tr><td><strong>Benjamines<\/strong><\/td><td>D\u00e9partement <a href=\"http:\/\/usrogr.fr\/DL\/Selection Benja.pdf\" target=\"_blank\" rel=\"noreferrer noopener\">(r\u00e9sultats)<\/a><\/td><td>R\u00e9gion <a href=\"http:\/\/usrogr.fr\/DL\/9AC7C1B6d01.pdf\" target=\"_blank\" rel=\"noreferrer noopener\">(r\u00e9sultats)<\/a><\/td><td>Zone <a href=\"http:\/\/usrogr.fr\/DL\/zone_idf_individuelles_gr_les_11_et_12_decembre_2010_a_creteil.pdf\" target=\"_blank\" rel=\"noreferrer noopener\">(r\u00e9sultats)<\/a><\/td><td>France<\/td><\/tr><tr><td>Vincianne REINHARD<\/td><td>S\u00e9lection benjamines<\/td><td>13 \u00e8<\/td><td>18\u00e8<\/td><td>finalit\u00e9 zone<\/td><\/tr><tr><td><strong>Minimes<\/strong><\/td><td>D\u00e9partement <a href=\"http:\/\/usrogr.fr\/DL\/cc.pdf\" target=\"_blank\" rel=\"noreferrer noopener\">(r\u00e9sultats)<\/a><\/td><td>R\u00e9gion <a href=\"http:\/\/usrogr.fr\/DL\/9AC7C1B6d01.pdf\" target=\"_blank\" rel=\"noreferrer noopener\">(r\u00e9sultats)<\/a><\/td><td>Zone <a href=\"http:\/\/usrogr.fr\/DL\/zone_idf_individuelles_gr_les_11_et_12_decembre_2010_a_creteil.pdf\" target=\"_blank\" rel=\"noreferrer noopener\">(r\u00e9sultats)<\/a><\/td><td>France<\/td><\/tr><tr><td>Morgane L&rsquo;HOSTIS PARISOT<\/td><td>9\u00e8<\/td><td>7 \u00e8<\/td><td>15\u00e8<\/td><td>finalit\u00e9 zone<\/td><\/tr><tr><td><strong>Cadettes<\/strong><\/td><td>D\u00e9partement <a href=\"http:\/\/usrogr.fr\/DL\/cc.pdf\" target=\"_blank\" rel=\"noreferrer noopener\">(r\u00e9sultats)<\/a><\/td><td>R\u00e9gion <a href=\"http:\/\/usrogr.fr\/DL\/9AC7C1B6d01.pdf\" target=\"_blank\" rel=\"noreferrer noopener\">(r\u00e9sultats)<\/a><\/td><td>Zone <a href=\"http:\/\/usrogr.fr\/DL\/zone_idf_individuelles_gr_les_11_et_12_decembre_2010_a_creteil.pdf\" target=\"_blank\" rel=\"noreferrer noopener\">(r\u00e9sultats)<\/a><\/td><td>France<\/td><\/tr><tr><td>Alejandra BALTAR<\/td><td>13\u00e8<\/td><td>16 \u00e8<\/td><td>27\u00e8<\/td><td>finalit\u00e9 zone<\/td><\/tr><tr><td>Jennifer BALTAR<\/td><td>6\u00e8<\/td><td>4 \u00e8<\/td><td>11\u00e8<\/td><td>finalit\u00e9 zone<\/td><\/tr><tr><td><strong>S\u00e9nior<\/strong><\/td><td>D\u00e9partement <a href=\"http:\/\/usrogr.fr\/DL\/pfs.pdf\" target=\"_blank\" rel=\"noreferrer noopener\">(r\u00e9sultats)<\/a><\/td><td>R\u00e9gion <a href=\"http:\/\/usrogr.fr\/DL\/9AC7C1B6d01.pdf\" target=\"_blank\" rel=\"noreferrer noopener\">(r\u00e9sultats)<\/a><\/td><td>Zone <a href=\"http:\/\/usrogr.fr\/DL\/zone_idf_individuelles_gr_les_11_et_12_decembre_2010_a_creteil.pdf\" target=\"_blank\" rel=\"noreferrer noopener\">(r\u00e9sultats)<\/a><\/td><td>France<\/td><\/tr><tr><td>Eva CHEMOUL<\/td><td>5\u00e8<\/td><td>17 \u00e8<\/td><td>~<\/td><td>finalit\u00e9 zone<\/td><\/tr><\/tbody><\/table><\/figure>\n\n\n\n<p>F\u00e9d\u00e9rales :<br><\/p>\n\n\n\n<figure class=\"wp-block-table is-style-stripes\"><table><tbody><tr><td><strong>S\u00e9nior<\/strong><\/td><td>D\u00e9partement <a href=\"http:\/\/usrogr.fr\/DL\/cc.pdf\" target=\"_blank\" rel=\"noreferrer noopener\">(r\u00e9sultats)<\/a><\/td><td>R\u00e9gion <a href=\"http:\/\/usrogr.fr\/DL\/9AC7C1B6d01.pdf\" target=\"_blank\" rel=\"noreferrer noopener\">(r\u00e9sultats)<\/a><\/td><td>Zone <a href=\"http:\/\/usrogr.fr\/DL\/zone_idf_individuelles_gr_les_11_et_12_decembre_2010_a_creteil.pdf\" target=\"_blank\" rel=\"noreferrer noopener\">(r\u00e9sultats)<\/a><\/td><td>France<\/td><\/tr><tr><td>Vanessa BAJART<\/td><td>6\u00e8<\/td><td>18 \u00e8<\/td><td>16\u00e8<\/td><td>~<\/td><\/tr><\/tbody><\/table><\/figure>\n","protected":false},"excerpt":{"rendered":"<p>Ensembles \/ Duos DC1 Minimes D\u00e9partement (r\u00e9sultats) R\u00e9gion (r\u00e9sultats) Zone (r\u00e9sultats) France Orlane ARDON, Quynh-Anh DANG, Morgane L&rsquo;HOSTIS, Maissane SADKI 6\u00e8 8\u00e8 ~ &nbsp; Cadettes D\u00e9partement (r\u00e9sultats) R\u00e9gion (r\u00e9sultats) Zone (r\u00e9sultats) France Julie BONHOMME, Coralie COURTOIS, Aliz\u00e9e LEJUSTE-DINE, Chlo\u00e9 LEMAIRE 8\u00e8 5\u00e8 22\u00e8 ~ DC2 Benjamines D\u00e9partement (r\u00e9sultats) R\u00e9gion Zone France Camille ARAUJO, Julia BOUDRANE, [&hellip;]<\/p>\n","protected":false},"author":1,"featured_media":0,"parent":0,"menu_order":0,"comment_status":"closed","ping_status":"closed","template":"","meta":{"footnotes":""},"class_list":["post-30845","page","type-page","status-publish","hentry"],"_links":{"self":[{"href":"https:\/\/usrogr.fr\/site\/wp-json\/wp\/v2\/pages\/30845","targetHints":{"allow":["GET"]}}],"collection":[{"href":"https:\/\/usrogr.fr\/site\/wp-json\/wp\/v2\/pages"}],"about":[{"href":"https:\/\/usrogr.fr\/site\/wp-json\/wp\/v2\/types\/page"}],"author":[{"embeddable":true,"href":"https:\/\/usrogr.fr\/site\/wp-json\/wp\/v2\/users\/1"}],"replies":[{"embeddable":true,"href":"https:\/\/usrogr.fr\/site\/wp-json\/wp\/v2\/comments?post=30845"}],"version-history":[{"count":1,"href":"https:\/\/usrogr.fr\/site\/wp-json\/wp\/v2\/pages\/30845\/revisions"}],"predecessor-version":[{"id":30846,"href":"https:\/\/usrogr.fr\/site\/wp-json\/wp\/v2\/pages\/30845\/revisions\/30846"}],"wp:attachment":[{"href":"https:\/\/usrogr.fr\/site\/wp-json\/wp\/v2\/media?parent=30845"}],"curies":[{"name":"wp","href":"https:\/\/api.w.org\/{rel}","templated":true}]}}