{"id":30843,"date":"2021-07-08T11:55:03","date_gmt":"2021-07-08T09:55:03","guid":{"rendered":"http:\/\/usrogr.fr\/site\/?page_id=30843"},"modified":"2021-07-08T11:55:03","modified_gmt":"2021-07-08T09:55:03","slug":"resultats-2011-2012","status":"publish","type":"page","link":"https:\/\/usrogr.fr\/site\/resultats-2011-2012\/","title":{"rendered":"R\u00e9sultats 2011-2012"},"content":{"rendered":"\n<p class=\"has-large-font-size\">Individuelles Divisions Inter-R\u00e9gionales :<\/p>\n\n\n\n<figure class=\"wp-block-table is-style-stripes\"><table><tbody><tr><td><strong>Benjamines<\/strong><\/td><td>D\u00e9partement <a href=\"http:\/\/usrogr.fr\/DL\/results_dep_dir.pdf\" target=\"_blank\" rel=\"noreferrer noopener\">(r\u00e9sultats)<\/a><\/td><td>R\u00e9gion <a href=\"http:\/\/usrogr.fr\/DL\/palmares_region_df_dn_dir1___antony_2012.pdf\" target=\"_blank\" rel=\"noreferrer noopener\">(r\u00e9sultats)<\/a><\/td><td>Zone <a href=\"http:\/\/usrogr.fr\/DL\/zone_dc_evry.pdf\" target=\"_blank\" rel=\"noreferrer noopener\">(r\u00e9sultats)<\/a><\/td><td>France<\/td><\/tr><tr><td>Julia BOUDRANE<\/td><td><img loading=\"lazy\" decoding=\"async\" src=\"http:\/\/usrogr.fr\/img\/3.gif\" alt=\"3\u00e8\" width=\"36\" height=\"27\"><\/td><td>9\u00e8<\/td><td><img loading=\"lazy\" decoding=\"async\" src=\"http:\/\/usrogr.fr\/img\/2.gif\" alt=\"2\u00e8\" width=\"36\" height=\"27\"><\/td><td>finalit\u00e9 Zone<\/td><\/tr><tr><td>Lena GASPAR<\/td><td>30\u00e8<\/td><td>~<\/td><td>~<\/td><td>finalit\u00e9 Zone<\/td><\/tr><tr><td><strong>Minimes<\/strong><\/td><td>D\u00e9partement <a href=\"http:\/\/usrogr.fr\/DL\/results_dep_dir.pdf\" target=\"_blank\" rel=\"noreferrer noopener\">(r\u00e9sultats)<\/a><\/td><td>R\u00e9gion <a href=\"http:\/\/usrogr.fr\/DL\/palmares_region_dc_dir_gr___2012_corbeil.pdf\" target=\"_blank\" rel=\"noreferrer noopener\">(r\u00e9sultats)<\/a><\/td><td>Zone<\/td><td>France<\/td><\/tr><tr><td>Camille ARAUJO<\/td><td>22\u00e8<\/td><td>14\u00e8<\/td><td>~<\/td><td>finalit\u00e9 Zone<\/td><\/tr><tr><td>Naomie GAUGIRARD<\/td><td>7\u00e8<\/td><td>12\u00e8<\/td><td>~<\/td><td>finalit\u00e9 Zone<\/td><\/tr><tr><td>Christelle RESTOUX<\/td><td>15\u00e8<\/td><td>10\u00e8<\/td><td>~<\/td><td>finalit\u00e9 Zone<\/td><\/tr><\/tbody><\/table><\/figure>\n\n\n\n<p><\/p>\n\n\n\n<p class=\"has-large-font-size\">Divisions Crit\u00e9rium :<\/p>\n\n\n\n<p>DC1 :<\/p>\n\n\n\n<figure class=\"wp-block-table is-style-stripes\"><table><tbody><tr><td><strong>Minimes<\/strong><\/td><td>D\u00e9partement <a href=\"http:\/\/usrogr.fr\/DL\/results_dep_df_dc.pdf\" target=\"_blank\" rel=\"noreferrer noopener\">(r\u00e9sultats)<\/a><\/td><td>R\u00e9gion <a href=\"http:\/\/usrogr.fr\/DL\/palmares_region_dc_dir_gr___2012_corbeil.pdf\" target=\"_blank\" rel=\"noreferrer noopener\">(r\u00e9sultats)<\/a><\/td><td>Zone <a href=\"http:\/\/usrogr.fr\/DL\/zone_dc_evry.pdf\" target=\"_blank\" rel=\"noreferrer noopener\">(r\u00e9sultats)<\/a><\/td><td>France<\/td><\/tr><tr><td>Clara CHADAL, Olivia COIMBRA, Vinciane REINHARD et In\u00e8s RABETAFIKA<\/td><td>4\u00e8<\/td><td>17\u00e8<\/td><td>12\u00e8<\/td><td>~<\/td><\/tr><tr><td><strong>Juniores<\/strong><\/td><td>D\u00e9partement <a href=\"http:\/\/usrogr.fr\/DL\/results_dep_df_dc.pdf\" target=\"_blank\" rel=\"noreferrer noopener\">(r\u00e9sultats)<\/a><\/td><td>R\u00e9gion <a href=\"http:\/\/usrogr.fr\/DL\/palmares_region_dc_dir_gr___2012_corbeil.pdf\" target=\"_blank\" rel=\"noreferrer noopener\">(r\u00e9sultats)<\/a><\/td><td>Zone <a href=\"http:\/\/usrogr.fr\/DL\/zone_dc_ris.pdf\" target=\"_blank\" rel=\"noreferrer noopener\">(r\u00e9sultats)<\/a><\/td><td>France<\/td><\/tr><tr><td>Julie BONHOMME, Coralie COURTOIS, Chlo\u00e9 LEMAIRE et Ma\u00efssane SADKI<\/td><td>forfait<\/td><td>4\u00e8<\/td><td>10\u00e8<\/td><td>~<\/td><\/tr><\/tbody><\/table><\/figure>\n\n\n\n<p>DC2 :<\/p>\n\n\n\n<figure class=\"wp-block-table is-style-stripes\"><table><tbody><tr><td><strong>Minimes<\/strong><\/td><td>D\u00e9partement <a href=\"http:\/\/usrogr.fr\/DL\/results_dep_df_dc.pdf\" target=\"_blank\" rel=\"noreferrer noopener\">(r\u00e9sultats)<\/a><\/td><td>R\u00e9gion <a href=\"http:\/\/usrogr.fr\/DL\/palmares_region_dc_dir_gr___2012_corbeil.pdf\" target=\"_blank\" rel=\"noreferrer noopener\">(r\u00e9sultats)<\/a><\/td><td>Zone <a href=\"http:\/\/usrogr.fr\/DL\/zone_dc_evry.pdf\" target=\"_blank\" rel=\"noreferrer noopener\">(r\u00e9sultats)<\/a><\/td><td>France<\/td><\/tr><tr><td>Camille ARAUJO, Julia BOUDRANE, Victoria BOUZEMAN, Lena GASPAR, Melissandre HADZIC et Christelle RESTOUX<\/td><td>10\u00e8<\/td><td>10\u00e8<\/td><td>13\u00e8<\/td><td>~<\/td><\/tr><\/tbody><\/table><\/figure>\n\n\n\n<p>DC4 :<br><\/p>\n\n\n\n<figure class=\"wp-block-table is-style-stripes\"><table><tbody><tr><td><strong>Junior\/S\u00e9nior<\/strong><\/td><td>D\u00e9partement <a href=\"http:\/\/usrogr.fr\/DL\/results_dep_df_dc.pdf\" target=\"_blank\" rel=\"noreferrer noopener\">(r\u00e9sultats)<\/a><\/td><td>R\u00e9gion <a href=\"http:\/\/usrogr.fr\/DL\/palmares_region_dc_dir_gr___2012_corbeil.pdf\" target=\"_blank\" rel=\"noreferrer noopener\">(r\u00e9sultats)<\/a><\/td><td>Zone <a href=\"http:\/\/usrogr.fr\/DL\/zone_dc_ris.pdf\" target=\"_blank\" rel=\"noreferrer noopener\">(r\u00e9sultats)<\/a><\/td><td>France<\/td><\/tr><tr><td>St\u00e9phanie AFONSO, Niveda BALANE, Julie CANDAN, Agathe CREMER, Julia JOURNET, Sacha LAGAB, Cl\u00e9mence LAILLE et Marie PEREZ<\/td><td>7\u00e8<\/td><td>15\u00e8<\/td><td>14\u00e8<\/td><td>~<\/td><\/tr><\/tbody><\/table><\/figure>\n\n\n\n<p><\/p>\n\n\n\n<p class=\"has-large-font-size\">Divisions F\u00e9d\u00e9rales<\/p>\n\n\n\n<p>DF2 :<\/p>\n\n\n\n<figure class=\"wp-block-table is-style-stripes\"><table><tbody><tr><td><strong>Cadettes\/Juniors\/Seniors<\/strong><\/td><td>D\u00e9partement <a href=\"http:\/\/usrogr.fr\/DL\/results_dep_df_dc.pdf\" target=\"_blank\" rel=\"noreferrer noopener\">(r\u00e9sultats)<\/a><\/td><td>R\u00e9gion <a href=\"http:\/\/usrogr.fr\/DL\/palmares_region_df_dn_dir1___antony_2012.pdf\" target=\"_blank\" rel=\"noreferrer noopener\">(r\u00e9sultats)<\/a><\/td><td>Zone <a href=\"http:\/\/usrogr.fr\/DL\/res_zone_df_issy.pdf\" target=\"_blank\" rel=\"noreferrer noopener\">(r\u00e9sultats)<\/a><\/td><td>France<\/td><\/tr><tr><td>Alejandra et Jennifer BALTAR<\/td><td>4\u00e8<\/td><td>15\u00e8<\/td><td>7\u00e8<\/td><td>~<\/td><\/tr><tr><td>Orlane ARDON et Quynh-anh DANG<\/td><td>5\u00e8<\/td><td>13\u00e8<\/td><td>13\u00e8<\/td><td>~<\/td><\/tr><\/tbody><\/table><\/figure>\n\n\n\n<p><\/p>\n\n\n\n<p class=\"has-large-font-size\">Individuelles Crit\u00e9rium \/ Pr\u00e9-f\u00e9d\u00e9rales \/ F\u00e9d\u00e9rales :<\/p>\n\n\n\n<p>Crit\u00e9rium :<\/p>\n\n\n\n<figure class=\"wp-block-table is-style-stripes\"><table><tbody><tr><td><strong>Benjamines<\/strong><\/td><td>D\u00e9partement <a href=\"http:\/\/usrogr.fr\/DL\/res_dep_11.pdf\" target=\"_blank\" rel=\"noreferrer noopener\">(r\u00e9sultats)<\/a><\/td><td>R\u00e9gion <a href=\"http:\/\/usrogr.fr\/DL\/res_reg_indiv.pdf\" target=\"_blank\" rel=\"noreferrer noopener\">(r\u00e9sultats)<\/a><\/td><td>Zone <a href=\"http:\/\/usrogr.fr\/DL\/resultats_zone_indiv.pdf\" target=\"_blank\" rel=\"noreferrer noopener\">(r\u00e9sultats)<\/a><\/td><td>France<\/td><\/tr><tr><td>Clara CHADAL<\/td><td>S\u00e9lection benjamines<\/td><td>12\u00e8<\/td><td>~<\/td><td>finalit\u00e9 Zone<a href=\"http:\/\/usrogr.fr\/DL\/resultats_zone_indiv.pdf\" target=\"_blank\" rel=\"noreferrer noopener\"><\/a><\/td><\/tr><tr><td>Olivia COIMBRA<\/td><td>S\u00e9lection benjamines<\/td><td>4\u00e8<\/td><td>10\u00e8<\/td><td>finalit\u00e9 Zone<a href=\"http:\/\/usrogr.fr\/DL\/resultats_zone_indiv.pdf\" target=\"_blank\" rel=\"noreferrer noopener\"><\/a><\/td><\/tr><tr><td><strong>Minimes<\/strong><\/td><td>D\u00e9partement <a href=\"http:\/\/usrogr.fr\/DL\/res_dep_11.pdf\" target=\"_blank\" rel=\"noreferrer noopener\">(r\u00e9sultats)<\/a><\/td><td>R\u00e9gion <a href=\"http:\/\/usrogr.fr\/DL\/res_reg_indiv.pdf\" target=\"_blank\" rel=\"noreferrer noopener\">(r\u00e9sultats)<\/a><\/td><td>Zone <a href=\"http:\/\/usrogr.fr\/DL\/resultats_zone_indiv.pdf\" target=\"_blank\" rel=\"noreferrer noopener\">(r\u00e9sultats)<\/a><\/td><td>France<\/td><\/tr><tr><td>Vincianne REINHARD<\/td><td>8\u00e8<\/td><td>20\u00e8<\/td><td>~<\/td><td>~<\/td><\/tr><tr><td><strong>Cadettes<\/strong><\/td><td>D\u00e9partement <a href=\"http:\/\/usrogr.fr\/DL\/res_dep_11.pdf\" target=\"_blank\" rel=\"noreferrer noopener\">(r\u00e9sultats)<\/a><\/td><td>R\u00e9gion <a href=\"http:\/\/usrogr.fr\/DL\/res_reg_indiv.pdf\" target=\"_blank\" rel=\"noreferrer noopener\">(r\u00e9sultats)<\/a><\/td><td>Zone <a href=\"http:\/\/usrogr.fr\/DL\/resultats_zone_indiv.pdf\" target=\"_blank\" rel=\"noreferrer noopener\">(r\u00e9sultats)<\/a><\/td><td>France<\/td><\/tr><tr><td>Chlo\u00e9 LEMAIRE<\/td><td>10\u00e8<\/td><td>10\u00e8<\/td><td>~<\/td><td>~<\/td><\/tr><tr><td>Ma\u00efssane SADKI<\/td><td>21\u00e8<\/td><td>14\u00e8<\/td><td>~<\/td><td>~<\/td><\/tr><tr><td><strong>Juniors<\/strong><\/td><td>D\u00e9partement <a href=\"http:\/\/usrogr.fr\/DL\/res_dep_11.pdf\" target=\"_blank\" rel=\"noreferrer noopener\">(r\u00e9sultats)<\/a><\/td><td>R\u00e9gion <a href=\"http:\/\/usrogr.fr\/DL\/res_reg_indiv.pdf\" target=\"_blank\" rel=\"noreferrer noopener\">(r\u00e9sultats)<\/a><\/td><td>Zone <a href=\"http:\/\/usrogr.fr\/DL\/resultats_zone_indiv.pdf\" target=\"_blank\" rel=\"noreferrer noopener\">(r\u00e9sultats)<\/a><\/td><td>France<\/td><\/tr><tr><td>Julie BONHOMME<\/td><td>9\u00e8<\/td><td>11\u00e8<\/td><td>14\u00e8 ex-aequo<\/td><td>~<\/td><\/tr><tr><td>Coralie COURTOIS<\/td><td>23\u00e8<\/td><td>17\u00e8<\/td><td>19\u00e8<\/td><td>~<\/td><\/tr><\/tbody><\/table><\/figure>\n\n\n\n<p>Pr\u00e9-F\u00e9d\u00e9rales :<\/p>\n\n\n\n<figure class=\"wp-block-table is-style-stripes\"><table><tbody><tr><td><strong>Minimes<\/strong><\/td><td>D\u00e9partement <a href=\"http:\/\/usrogr.fr\/DL\/res_dep_11.pdf\" target=\"_blank\" rel=\"noreferrer noopener\">(r\u00e9sultats)<\/a><\/td><td>R\u00e9gion <a href=\"http:\/\/usrogr.fr\/DL\/res_reg_indiv.pdf\" target=\"_blank\" rel=\"noreferrer noopener\">(r\u00e9sultats)<\/a><\/td><td>Zone <a href=\"http:\/\/usrogr.fr\/DL\/resultats_zone_indiv.pdf\" target=\"_blank\" rel=\"noreferrer noopener\">(r\u00e9sultats)<\/a><\/td><td>France<\/td><\/tr><tr><td>Orlane ARDON<\/td><td>22\u00e8<\/td><td>15\u00e8<\/td><td>~<\/td><td>finalit\u00e9 Zone<a href=\"http:\/\/usrogr.fr\/DL\/resultats_zone_indiv.pdf\" target=\"_blank\" rel=\"noreferrer noopener\"><\/a><\/td><\/tr><tr><td><strong>Cadettes<\/strong><\/td><td>D\u00e9partement <a href=\"http:\/\/usrogr.fr\/DL\/res_dep_11.pdf\" target=\"_blank\" rel=\"noreferrer noopener\">(r\u00e9sultats)<\/a><\/td><td>R\u00e9gion <a href=\"http:\/\/usrogr.fr\/DL\/res_reg_indiv.pdf\" target=\"_blank\" rel=\"noreferrer noopener\">(r\u00e9sultats)<\/a><\/td><td>Zone <a href=\"http:\/\/usrogr.fr\/DL\/resultats_zone_indiv.pdf\" target=\"_blank\" rel=\"noreferrer noopener\">(r\u00e9sultats)<\/a><\/td><td>France<\/td><\/tr><tr><td>Quynh-Anh DANG<\/td><td>6\u00e8<\/td><td>14\u00e8<\/td><td>17\u00e8<\/td><td>finalit\u00e9 Zone<a href=\"http:\/\/usrogr.fr\/DL\/resultats_zone_indiv.pdf\" target=\"_blank\" rel=\"noreferrer noopener\"><\/a><\/td><\/tr><tr><td><strong>Juniors<\/strong><\/td><td>D\u00e9partement <a href=\"http:\/\/usrogr.fr\/DL\/res_dep_11.pdf\" target=\"_blank\" rel=\"noreferrer noopener\">(r\u00e9sultats)<\/a><\/td><td>R\u00e9gion <a href=\"http:\/\/usrogr.fr\/DL\/res_reg_indiv.pdf\" target=\"_blank\" rel=\"noreferrer noopener\">(r\u00e9sultats)<\/a><\/td><td>Zone <a href=\"http:\/\/usrogr.fr\/DL\/resultats_zone_indiv.pdf\" target=\"_blank\" rel=\"noreferrer noopener\">(r\u00e9sultats)<\/a><\/td><td>France<\/td><\/tr><tr><td>Alejandra BALTAR<\/td><td>5\u00e8<\/td><td><img loading=\"lazy\" decoding=\"async\" src=\"http:\/\/usrogr.fr\/img\/1.gif\" alt=\"1\u00e8\" width=\"36\" height=\"27\"><\/td><td>18\u00e8<\/td><td>finalit\u00e9 Zone<a href=\"http:\/\/usrogr.fr\/DL\/resultats_zone_indiv.pdf\" target=\"_blank\" rel=\"noreferrer noopener\"><\/a><\/td><\/tr><tr><td>Jennifer BALTAR<\/td><td>4\u00e8<\/td><td>9\u00e8<\/td><td>11\u00e8<\/td><td>finalit\u00e9 Zone<a href=\"http:\/\/usrogr.fr\/DL\/resultats_zone_indiv.pdf\" target=\"_blank\" rel=\"noreferrer noopener\"><\/a><\/td><\/tr><tr><td><strong>S\u00e9nior<\/strong><\/td><td>D\u00e9partement <a href=\"http:\/\/usrogr.fr\/DL\/res_dep_11.pdf\" target=\"_blank\" rel=\"noreferrer noopener\">(r\u00e9sultats)<\/a><\/td><td>R\u00e9gion <a href=\"http:\/\/usrogr.fr\/DL\/res_reg_indiv.pdf\" target=\"_blank\" rel=\"noreferrer noopener\">(r\u00e9sultats)<\/a><\/td><td>Zone <a href=\"http:\/\/usrogr.fr\/DL\/resultats_zone_indiv.pdf\" target=\"_blank\" rel=\"noreferrer noopener\">(r\u00e9sultats)<\/a><\/td><td>France<\/td><\/tr><tr><td>Eva CHEMOUL<\/td><td>5\u00e8<\/td><td>15\u00e8<\/td><td>Forfait<\/td><td>finalit\u00e9 Zone<a href=\"http:\/\/usrogr.fr\/DL\/resultats_zone_indiv.pdf\" target=\"_blank\" rel=\"noreferrer noopener\"><\/a><\/td><\/tr><\/tbody><\/table><\/figure>\n\n\n\n<p>F\u00e9d\u00e9rales :<br><\/p>\n\n\n\n<figure class=\"wp-block-table is-style-stripes\"><table><tbody><tr><td><strong>S\u00e9nior<\/strong><\/td><td>D\u00e9partement <a href=\"http:\/\/usrogr.fr\/DL\/res_dep_11.pdf\" target=\"_blank\" rel=\"noreferrer noopener\">(r\u00e9sultats)<\/a><\/td><td>R\u00e9gion <a href=\"http:\/\/usrogr.fr\/DL\/res_reg_indiv.pdf\" target=\"_blank\" rel=\"noreferrer noopener\">(r\u00e9sultats)<\/a><\/td><td>Zone <a href=\"http:\/\/usrogr.fr\/DL\/resultats_zone_indiv.pdf\" target=\"_blank\" rel=\"noreferrer noopener\">(r\u00e9sultats)<\/a><\/td><td>France <a href=\"http:\/\/usrogr.fr\/DL\/resultats_france-indiv12.pdf\" target=\"_blank\" rel=\"noreferrer noopener\">(r\u00e9sultats)<\/a><\/td><\/tr><tr><td>Vanessa BAJART<\/td><td>5\u00e8<\/td><td><img loading=\"lazy\" decoding=\"async\" src=\"http:\/\/usrogr.fr\/img\/1.gif\" alt=\"1\u00e8\" width=\"36\" height=\"27\"><\/td><td>5\u00e8<\/td><td>29\u00e8<\/td><\/tr><\/tbody><\/table><\/figure>\n","protected":false},"excerpt":{"rendered":"<p>Individuelles Divisions Inter-R\u00e9gionales : Benjamines D\u00e9partement (r\u00e9sultats) R\u00e9gion (r\u00e9sultats) Zone (r\u00e9sultats) France Julia BOUDRANE 9\u00e8 finalit\u00e9 Zone Lena GASPAR 30\u00e8 ~ ~ finalit\u00e9 Zone Minimes D\u00e9partement (r\u00e9sultats) R\u00e9gion (r\u00e9sultats) Zone France Camille ARAUJO 22\u00e8 14\u00e8 ~ finalit\u00e9 Zone Naomie GAUGIRARD 7\u00e8 12\u00e8 ~ finalit\u00e9 Zone Christelle RESTOUX 15\u00e8 10\u00e8 ~ finalit\u00e9 Zone Divisions Crit\u00e9rium : [&hellip;]<\/p>\n","protected":false},"author":1,"featured_media":0,"parent":0,"menu_order":0,"comment_status":"closed","ping_status":"closed","template":"","meta":{"footnotes":""},"class_list":["post-30843","page","type-page","status-publish","hentry"],"_links":{"self":[{"href":"https:\/\/usrogr.fr\/site\/wp-json\/wp\/v2\/pages\/30843","targetHints":{"allow":["GET"]}}],"collection":[{"href":"https:\/\/usrogr.fr\/site\/wp-json\/wp\/v2\/pages"}],"about":[{"href":"https:\/\/usrogr.fr\/site\/wp-json\/wp\/v2\/types\/page"}],"author":[{"embeddable":true,"href":"https:\/\/usrogr.fr\/site\/wp-json\/wp\/v2\/users\/1"}],"replies":[{"embeddable":true,"href":"https:\/\/usrogr.fr\/site\/wp-json\/wp\/v2\/comments?post=30843"}],"version-history":[{"count":1,"href":"https:\/\/usrogr.fr\/site\/wp-json\/wp\/v2\/pages\/30843\/revisions"}],"predecessor-version":[{"id":30844,"href":"https:\/\/usrogr.fr\/site\/wp-json\/wp\/v2\/pages\/30843\/revisions\/30844"}],"wp:attachment":[{"href":"https:\/\/usrogr.fr\/site\/wp-json\/wp\/v2\/media?parent=30843"}],"curies":[{"name":"wp","href":"https:\/\/api.w.org\/{rel}","templated":true}]}}