{"id":30830,"date":"2021-07-08T11:33:21","date_gmt":"2021-07-08T09:33:21","guid":{"rendered":"http:\/\/usrogr.fr\/site\/?page_id=30830"},"modified":"2021-07-08T11:33:21","modified_gmt":"2021-07-08T09:33:21","slug":"resultats-2017-2018","status":"publish","type":"page","link":"https:\/\/usrogr.fr\/site\/resultats-2017-2018\/","title":{"rendered":"R\u00e9sultats 2017-2018"},"content":{"rendered":"\n<p class=\"has-large-font-size\">Coupe Formation :<\/p>\n\n\n\n<p>F\u00e9licitations \u00e0 Sophia DUMA, Iulia Adriana COSTACHE, L\u00e9a LEBESQUE et Enolane TERRASSE qui ont valid\u00e9 leur Coupe Formation 3 !<\/p>\n\n\n\n<p><\/p>\n\n\n\n<p class=\"has-large-font-size\">Ensembles cat\u00e9gorie F\u00e9d\u00e9rale :<\/p>\n\n\n\n<p>Ensemble F\u00e9d\u00e9ral B :<br><\/p>\n\n\n\n<figure class=\"wp-block-table is-style-stripes\"><table><tbody><tr><td><strong>8-9 ans<\/strong><\/td><td>D\u00e9partement <a href=\"http:\/\/usrogr.fr\/DL\/results_dep_morsang_2018.pdf\" target=\"_blank\" rel=\"noreferrer noopener\">(r\u00e9sultats)<\/a><\/td><td>Interd\u00e9partement <a href=\"http:\/\/usrogr.fr\/DL\/res_interdep_ris_2018.pdf\" target=\"_blank\" rel=\"noreferrer noopener\">(r\u00e9sultats)<\/a><\/td><td>R\u00e9gion <a href=\"http:\/\/usrogr.fr\/DL\/res-reg-ens-thiais2018.pdf\" target=\"_blank\" rel=\"noreferrer noopener\">(r\u00e9sultats)<\/a><\/td><\/tr><tr><td>Maelys GAUTHIER, Shemsy LOUKAH, Manon OTT et Enolane TERRASSE<\/td><td><img decoding=\"async\" src=\"http:\/\/usrogr.fr\/img\/3.gif\" alt=\"3\u00e8\"><\/td><td>5\u00e8<\/td><td>11\u00e8<\/td><\/tr><\/tbody><\/table><\/figure>\n\n\n\n<p class=\"has-large-font-size\">Ensembles cat\u00e9gorie R\u00e9gionale :<\/p>\n\n\n\n<p>Ensemble R\u00e9gional :<br><\/p>\n\n\n\n<figure class=\"wp-block-table is-style-stripes\"><table><tbody><tr><td><strong>10-11 ans<\/strong><\/td><td>D\u00e9partement<\/td><td>Interd\u00e9partement <a href=\"http:\/\/usrogr.fr\/DL\/res_interdep_ris_2018.pdf\" target=\"_blank\" rel=\"noreferrer noopener\">(r\u00e9sultats)<\/a><\/td><td>R\u00e9gion <a href=\"http:\/\/usrogr.fr\/DL\/res_reg_rungis_2018.pdf\" target=\"_blank\" rel=\"noreferrer noopener\">(r\u00e9sultats)<\/a><\/td><\/tr><tr><td>Jeanne BANSARD, Lya BLEURVACQ, L\u00efya GUIGON et Thea VILLATEL<\/td><td>D\u00e9partement annul\u00e9<\/td><td><img decoding=\"async\" src=\"http:\/\/usrogr.fr\/img\/2.gif\" alt=\"2\u00e8\"><\/td><td>7\u00e8<\/td><\/tr><tr><td><strong>12-13 ans<\/strong><\/td><td>D\u00e9partement<\/td><td>Interd\u00e9partement <a href=\"http:\/\/usrogr.fr\/DL\/res_interdep_ris_2018.pdf\" target=\"_blank\" rel=\"noreferrer noopener\">(r\u00e9sultats)<\/a><\/td><td>R\u00e9gion <a href=\"http:\/\/usrogr.fr\/DL\/res_reg_rungis_2018.pdf\" target=\"_blank\" rel=\"noreferrer noopener\">(r\u00e9sultats)<\/a><\/td><\/tr><tr><td>Laurene BARRAJA, Orlane BOCAHU, Candice SERTIER et Laure WILLIAM-MEDY<\/td><td>D\u00e9partement annul\u00e9<\/td><td>5\u00e8<\/td><td>7\u00e8<\/td><\/tr><\/tbody><\/table><\/figure>\n\n\n\n<p>Duo R\u00e9gional :<br><\/p>\n\n\n\n<figure class=\"wp-block-table is-style-stripes\"><table><tbody><tr><td><strong>14-15 ans<\/strong><\/td><td>D\u00e9partement <a href=\"http:\/\/usrogr.fr\/DL\/results_dep_morsang_2018.pdf\" target=\"_blank\" rel=\"noreferrer noopener\">(r\u00e9sultats)<\/a><\/td><td>Interd\u00e9partement <a href=\"http:\/\/usrogr.fr\/DL\/res_interdep_ris_2018.pdf\" target=\"_blank\" rel=\"noreferrer noopener\">(r\u00e9sultats)<\/a><\/td><td>R\u00e9gion <a href=\"http:\/\/usrogr.fr\/DL\/res_reg_rungis_2018.pdf\" target=\"_blank\" rel=\"noreferrer noopener\">(r\u00e9sultats)<\/a><\/td><\/tr><tr><td>Margot BANSARD et Oc\u00e9ane SERTIER<\/td><td><img decoding=\"async\" src=\"http:\/\/usrogr.fr\/img\/1.gif\" alt=\"1\u00e8\"><\/td><td><img decoding=\"async\" src=\"http:\/\/usrogr.fr\/img\/1.gif\" alt=\"1\u00e8\"><\/td><td><img decoding=\"async\" src=\"http:\/\/usrogr.fr\/img\/2.gif\" alt=\"2\u00e8\"><\/td><\/tr><\/tbody><\/table><\/figure>\n\n\n\n<p><\/p>\n\n\n\n<p class=\"has-large-font-size\">Ensembles cat\u00e9gorie Nationale :<\/p>\n\n\n\n<p>Duo National :<br><\/p>\n\n\n\n<figure class=\"wp-block-table is-style-stripes\"><table><tbody><tr><td><strong>14 ans et +<\/strong><\/td><td>D\u00e9partement<\/td><td>Interd\u00e9partement <a href=\"http:\/\/usrogr.fr\/DL\/res_montevrain_2018_complet.pdf\" target=\"_blank\" rel=\"noreferrer noopener\">(r\u00e9sultats)<\/a><\/td><td>R\u00e9gion <a href=\"http:\/\/usrogr.fr\/DL\/results_reg_ens_NAT_corbeil2018.pdf\" target=\"_blank\" rel=\"noreferrer noopener\">(r\u00e9sultats)<\/a><\/td><td>France<\/td><\/tr><tr><td>Orlane ARDON et Amandine RAOULT<\/td><td>d\u00e9partement annul\u00e9<\/td><td>6\u00e8<\/td><td>9\u00e8<\/td><td>~<\/td><\/tr><\/tbody><\/table><\/figure>\n\n\n\n<p><\/p>\n\n\n\n<p class=\"has-large-font-size\">Individuelles R\u00e9gional 2 :<\/p>\n\n\n\n<figure class=\"wp-block-table is-style-stripes\"><table><tbody><tr><td><strong>10-11 ans<\/strong><\/td><td>D\u00e9partement <a href=\"http:\/\/usrogr.fr\/DL\/results_dep_morsang_2018.pdf\" target=\"_blank\" rel=\"noreferrer noopener\">(r\u00e9sultats)<\/a><\/td><td>Interd\u00e9partement <a href=\"http:\/\/usrogr.fr\/DL\/res_montevrain_2018_complet.pdf\" target=\"_blank\" rel=\"noreferrer noopener\">(r\u00e9sultats)<\/a><\/td><\/tr><tr><td>L\u00efya GUIGON<\/td><td>forfait<\/td><td>5\u00e8<\/td><\/tr><tr><td>Thea VILLATEL<\/td><td>4\u00e8<\/td><td>6\u00e8<\/td><\/tr><tr><td><strong>12-13 ans<\/strong><\/td><td>D\u00e9partement <a href=\"http:\/\/usrogr.fr\/DL\/results_dep_morsang_2018.pdf\" target=\"_blank\" rel=\"noreferrer noopener\">(r\u00e9sultats)<\/a><\/td><td>Interd\u00e9partement <a href=\"http:\/\/usrogr.fr\/DL\/res_montevrain_2018_complet.pdf\" target=\"_blank\" rel=\"noreferrer noopener\">(r\u00e9sultats)<\/a><\/td><\/tr><tr><td>Kenza HADJ ALI<\/td><td>4\u00e8<\/td><td><img decoding=\"async\" src=\"http:\/\/usrogr.fr\/img\/3.gif\" alt=\"3\u00e8\"><\/td><\/tr><tr><td>Clara NDIAYE<\/td><td>21\u00e8<\/td><td>forfait<\/td><\/tr><tr><td>Laure WILLIAM-MEDY<\/td><td>9\u00e8<\/td><td>9\u00e8<\/td><\/tr><tr><td><strong>14-15 ans<\/strong><\/td><td>D\u00e9partement <a href=\"http:\/\/usrogr.fr\/DL\/results_dep_morsang_2018.pdf\" target=\"_blank\" rel=\"noreferrer noopener\">(r\u00e9sultats)<\/a><\/td><td>Interd\u00e9partement <a href=\"http:\/\/usrogr.fr\/DL\/res_montevrain_2018_complet.pdf\" target=\"_blank\" rel=\"noreferrer noopener\">(r\u00e9sultats)<\/a><\/td><\/tr><tr><td>Ma\u00e9 CHEVALIER<\/td><td>9\u00e8<\/td><td>10\u00e8<\/td><\/tr><tr><td>Dolor\u00e8s DE CORDIER<\/td><td>19\u00e8<\/td><td>13\u00e8<\/td><\/tr><tr><td>Sophia MAOUCHE<\/td><td>11\u00e8<\/td><td>7\u00e8<\/td><\/tr><tr><td>Fatou SOW<\/td><td>12\u00e8<\/td><td>13\u00e8<\/td><\/tr><tr><td>Gwennaelle TRUONG<\/td><td>10\u00e8<\/td><td>7\u00e8<\/td><\/tr><\/tbody><\/table><\/figure>\n\n\n\n<p><\/p>\n\n\n\n<p class=\"has-large-font-size\">Individuelles Nationales, F\u00e9d\u00e9rales et R\u00e9gionales 1 :<\/p>\n\n\n\n<p>National B :<br><br><\/p>\n\n\n\n<figure class=\"wp-block-table is-style-stripes\"><table><tbody><tr><td><strong>18 ans et +<\/strong><\/td><td>D\u00e9partement <a href=\"http:\/\/usrogr.fr\/DL\/res_dep_ind_2017_NB18.PDF\" target=\"_blank\" rel=\"noreferrer noopener\">(r\u00e9sultats)<\/a><\/td><td>Interd\u00e9partement <a href=\"http:\/\/usrogr.fr\/DL\/resultats_interdep_indiv_2017.pdf\" target=\"_blank\" rel=\"noreferrer noopener\">(r\u00e9sultats)<\/a><\/td><td>R\u00e9gion <a href=\"http:\/\/usrogr.fr\/DL\/res-reg-indiv-2017.pdf\" target=\"_blank\" rel=\"noreferrer noopener\">(r\u00e9sultats)<\/a><\/td><td>France<\/td><\/tr><tr><td>Orlane ARDON<\/td><td><img decoding=\"async\" src=\"http:\/\/usrogr.fr\/img\/1.gif\" alt=\"1\u00e8\"><\/td><td>5\u00e8<\/td><td>15\u00e8<\/td><td>~<\/td><\/tr><\/tbody><\/table><\/figure>\n\n\n\n<p>National C :<br><br><\/p>\n\n\n\n<figure class=\"wp-block-table is-style-stripes\"><table><tbody><tr><td><strong>14-15 ans<\/strong><\/td><td>D\u00e9partement <a href=\"http:\/\/usrogr.fr\/DL\/res_dep_ind_2017_NC14-15.PDF\" target=\"_blank\" rel=\"noreferrer noopener\">(r\u00e9sultats)<\/a><\/td><td>Interd\u00e9partement <a href=\"http:\/\/usrogr.fr\/DL\/resultats_interdep_indiv_2017.pdf\" target=\"_blank\" rel=\"noreferrer noopener\">(r\u00e9sultats)<\/a><\/td><td>R\u00e9gion <a href=\"http:\/\/usrogr.fr\/DL\/res-reg-indiv-2017.pdf\" target=\"_blank\" rel=\"noreferrer noopener\">(r\u00e9sultats)<\/a><\/td><td>France<\/td><\/tr><tr><td>Oc\u00e9ane HOTCA<\/td><td>7\u00e8<\/td><td>13\u00e8<\/td><td>~<\/td><td>~<\/td><\/tr><tr><td><strong>16-17 ans<\/strong><\/td><td>D\u00e9partement <a href=\"http:\/\/usrogr.fr\/DL\/res_dep_ind_2017_NC16-17.PDF\" target=\"_blank\" rel=\"noreferrer noopener\">(r\u00e9sultats)<\/a><\/td><td>Interd\u00e9partement <a href=\"http:\/\/usrogr.fr\/DL\/resultats_interdep_indiv_2017.pdf\" target=\"_blank\" rel=\"noreferrer noopener\">(r\u00e9sultats)<\/a><\/td><td>R\u00e9gion <a href=\"http:\/\/usrogr.fr\/DL\/res-reg-indiv-2017.pdf\" target=\"_blank\" rel=\"noreferrer noopener\">(r\u00e9sultats)<\/a><\/td><td>France <a href=\"http:\/\/usrogr.fr\/DL\/resultats_cdf_indiv_2018.pdf\" target=\"_blank\" rel=\"noreferrer noopener\">(r\u00e9sultats)<\/a><\/td><\/tr><tr><td>Olivia COIMBRA<\/td><td>16\u00e8<\/td><td>12\u00e8<\/td><td>5\u00e8<\/td><td>27\u00e8<\/td><\/tr><tr><td>Laura LE HECHO<\/td><td>5\u00e8<\/td><td>7\u00e8<\/td><td>20\u00e8<\/td><td>~<\/td><\/tr><tr><td>Amandine RAOULT<\/td><td>22\u00e8<\/td><td>19\u00e8<\/td><td>~<\/td><td>~<\/td><\/tr><\/tbody><\/table><\/figure>\n\n\n\n<p>F\u00e9d\u00e9ral :<br><br><\/p>\n\n\n\n<figure class=\"wp-block-table is-style-stripes\"><table><tbody><tr><td><strong>16-17 ans<\/strong><\/td><td>D\u00e9partement <a href=\"http:\/\/usrogr.fr\/DL\/res_dep_ind_2017_FED16-17.PDF\" target=\"_blank\" rel=\"noreferrer noopener\">(r\u00e9sultats)<\/a><\/td><td>Interd\u00e9partement <a href=\"http:\/\/usrogr.fr\/DL\/resultats_interdep_indiv_2017.pdf\" target=\"_blank\" rel=\"noreferrer noopener\">(r\u00e9sultats)<\/a><\/td><td>R\u00e9gion <a href=\"http:\/\/usrogr.fr\/DL\/res-reg-indiv-2017.pdf\" target=\"_blank\" rel=\"noreferrer noopener\">(r\u00e9sultats)<\/a><\/td><td>France<\/td><\/tr><tr><td>Julia BOUDRANE<\/td><td>8\u00e8<\/td><td>25\u00e8<\/td><td>~<\/td><td>~<\/td><\/tr><\/tbody><\/table><\/figure>\n\n\n\n<p>R\u00e9gional 1 :<br><br><\/p>\n\n\n\n<figure class=\"wp-block-table is-style-stripes\"><table><tbody><tr><td><strong>14-15 ans<\/strong><\/td><td>D\u00e9partement <a href=\"http:\/\/usrogr.fr\/DL\/res_dep_ind_2017_REG14-15.PDF\" target=\"_blank\" rel=\"noreferrer noopener\">(r\u00e9sultats)<\/a><\/td><td>Interd\u00e9partement <a href=\"http:\/\/usrogr.fr\/DL\/resultats_interdep_indiv_2017.pdf\" target=\"_blank\" rel=\"noreferrer noopener\">(r\u00e9sultats)<\/a><\/td><td>R\u00e9gion <a href=\"http:\/\/usrogr.fr\/DL\/res-reg-indiv-2017.pdf\" target=\"_blank\" rel=\"noreferrer noopener\">(r\u00e9sultats)<\/a><\/td><\/tr><tr><td>Margot BANSARD<\/td><td>5\u00e8<\/td><td>16\u00e8<\/td><td>~<\/td><\/tr><tr><td>Oc\u00e9ane SERTIER<\/td><td>9\u00e8<\/td><td><img decoding=\"async\" src=\"http:\/\/usrogr.fr\/img\/2.gif\" alt=\"2\u00e8\"><\/td><td>27\u00e8<\/td><\/tr><\/tbody><\/table><\/figure>\n","protected":false},"excerpt":{"rendered":"<p>Coupe Formation : F\u00e9licitations \u00e0 Sophia DUMA, Iulia Adriana COSTACHE, L\u00e9a LEBESQUE et Enolane TERRASSE qui ont valid\u00e9 leur Coupe Formation 3 ! Ensembles cat\u00e9gorie F\u00e9d\u00e9rale : Ensemble F\u00e9d\u00e9ral B : 8-9 ans D\u00e9partement (r\u00e9sultats) Interd\u00e9partement (r\u00e9sultats) R\u00e9gion (r\u00e9sultats) Maelys GAUTHIER, Shemsy LOUKAH, Manon OTT et Enolane TERRASSE 5\u00e8 11\u00e8 Ensembles cat\u00e9gorie R\u00e9gionale : Ensemble [&hellip;]<\/p>\n","protected":false},"author":1,"featured_media":0,"parent":0,"menu_order":0,"comment_status":"closed","ping_status":"closed","template":"","meta":{"footnotes":""},"class_list":["post-30830","page","type-page","status-publish","hentry"],"_links":{"self":[{"href":"https:\/\/usrogr.fr\/site\/wp-json\/wp\/v2\/pages\/30830","targetHints":{"allow":["GET"]}}],"collection":[{"href":"https:\/\/usrogr.fr\/site\/wp-json\/wp\/v2\/pages"}],"about":[{"href":"https:\/\/usrogr.fr\/site\/wp-json\/wp\/v2\/types\/page"}],"author":[{"embeddable":true,"href":"https:\/\/usrogr.fr\/site\/wp-json\/wp\/v2\/users\/1"}],"replies":[{"embeddable":true,"href":"https:\/\/usrogr.fr\/site\/wp-json\/wp\/v2\/comments?post=30830"}],"version-history":[{"count":1,"href":"https:\/\/usrogr.fr\/site\/wp-json\/wp\/v2\/pages\/30830\/revisions"}],"predecessor-version":[{"id":30831,"href":"https:\/\/usrogr.fr\/site\/wp-json\/wp\/v2\/pages\/30830\/revisions\/30831"}],"wp:attachment":[{"href":"https:\/\/usrogr.fr\/site\/wp-json\/wp\/v2\/media?parent=30830"}],"curies":[{"name":"wp","href":"https:\/\/api.w.org\/{rel}","templated":true}]}}