{"id":181,"date":"2021-06-19T14:46:37","date_gmt":"2021-06-19T12:46:37","guid":{"rendered":"http:\/\/usrogr.fr\/site\/?page_id=181"},"modified":"2021-07-10T10:00:38","modified_gmt":"2021-07-10T08:00:38","slug":"la-gr","status":"publish","type":"page","link":"https:\/\/usrogr.fr\/site\/la-gr\/","title":{"rendered":"La GR"},"content":{"rendered":"\n<p>La GR ou Gymnastique Rythmique est une discipline sportive m\u00ealant gymnastique et danse, auxquels s&rsquo;ajoute la manipulation d&rsquo;engins (corde, cerceau, ballon, massues et ruban). Les encha\u00eenements peuvent se pratiquer en individuel, ensemble (4-5 gymnastes voire jusqu&rsquo;\u00e0 10 dans certaines cat\u00e9gories) ou duo.<\/p>\n\n\n\n<div class=\"wp-block-image is-style-default\"><figure class=\"aligncenter size-large is-resized\"><img loading=\"lazy\" decoding=\"async\" src=\"http:\/\/usrogr.fr\/site\/wp-content\/uploads\/2021\/06\/ROMENSKI-3948-819x1024.jpg\" alt=\"\" class=\"wp-image-191\" width=\"433\" height=\"541\" srcset=\"https:\/\/usrogr.fr\/site\/wp-content\/uploads\/2021\/06\/ROMENSKI-3948-819x1024.jpg 819w, https:\/\/usrogr.fr\/site\/wp-content\/uploads\/2021\/06\/ROMENSKI-3948-240x300.jpg 240w, https:\/\/usrogr.fr\/site\/wp-content\/uploads\/2021\/06\/ROMENSKI-3948-768x960.jpg 768w, https:\/\/usrogr.fr\/site\/wp-content\/uploads\/2021\/06\/ROMENSKI-3948-1229x1536.jpg 1229w, https:\/\/usrogr.fr\/site\/wp-content\/uploads\/2021\/06\/ROMENSKI-3948.jpg 1638w\" sizes=\"auto, (max-width: 433px) 100vw, 433px\" \/><figcaption>Val\u00e9rie Romenski (FRA), Internationaux de Thiais 2019 (photo Creapik)<\/figcaption><\/figure><\/div>\n\n\n\n<p>La GR est un sport historiquement \u00e0 dominante f\u00e9minine mais s&rsquo;ouvre de plus en plus aux gar\u00e7ons, en loisir comme en comp\u00e9tition.<\/p>\n\n\n\n<p>Le club propose la pratique de la GR en loisir ou en comp\u00e9tition, \u00e0 partir de 6 ans, et pour les plus jeunes (\u00e0 partir de 3 ans), nous proposons \u00e9galement de la \u00ab\u00a0Baby-GR\u00a0\u00bb : des ateliers ludiques d&rsquo;\u00e9veil corporel :<\/p>\n\n\n\n<div class=\"wp-block-image\"><figure class=\"aligncenter size-large is-resized\"><img loading=\"lazy\" decoding=\"async\" src=\"http:\/\/usrogr.fr\/site\/wp-content\/uploads\/2021\/06\/baby-63.jpg\" alt=\"\" class=\"wp-image-194\" width=\"465\" height=\"697\" srcset=\"https:\/\/usrogr.fr\/site\/wp-content\/uploads\/2021\/06\/baby-63.jpg 667w, https:\/\/usrogr.fr\/site\/wp-content\/uploads\/2021\/06\/baby-63-200x300.jpg 200w\" sizes=\"auto, (max-width: 465px) 100vw, 465px\" \/><figcaption>S\u00e9ance baby GR en 2014 (photo Creapik)<\/figcaption><\/figure><\/div>\n\n\n\n<p>Pour les groupes comp\u00e9titions, les \u00e9ch\u00e9ances ont lieu tout au long de l&rsquo;ann\u00e9e, en fonction de si l&rsquo;enfant \u00e9volue en individuel, en ensemble, ou les deux. Les sections comp\u00e9titions participent \u00e9galement au gala de fin d&rsquo;ann\u00e9e.<\/p>\n\n\n\n<p class=\"has-text-align-center\"><a href=\"http:\/\/usrogr.fr\/site\/calendrier\/\">Voir le calendrier des comp\u00e9titions<\/a><\/p>\n\n\n\n<p>Les groupes loisirs travaillent des encha\u00eenements qu&rsquo;ils montrent \u00e0 l&rsquo;occasion de plusieurs galas : avant les vacances de No\u00ebl ainsi qu&rsquo;en fin de saison, ils peuvent \u00e9galement se rencontrer lors d&rsquo;un \u00ab\u00a0challenge loisirs\u00a0\u00bb au printemps.<\/p>\n\n\n\n<p class=\"has-large-font-size\">Les indispensables du\/de la gymnaste : <\/p>\n\n\n\n<div class=\"wp-block-media-text alignwide is-stacked-on-mobile\" style=\"grid-template-columns:16% auto\"><figure class=\"wp-block-media-text__media\"><img loading=\"lazy\" decoding=\"async\" width=\"679\" height=\"1024\" src=\"http:\/\/usrogr.fr\/site\/wp-content\/uploads\/2021\/07\/entrainement-679x1024.png\" alt=\"\" class=\"wp-image-30810 size-full\" srcset=\"https:\/\/usrogr.fr\/site\/wp-content\/uploads\/2021\/07\/entrainement-679x1024.png 679w, https:\/\/usrogr.fr\/site\/wp-content\/uploads\/2021\/07\/entrainement-199x300.png 199w, https:\/\/usrogr.fr\/site\/wp-content\/uploads\/2021\/07\/entrainement.png 738w\" sizes=\"auto, (max-width: 679px) 100vw, 679px\" \/><\/figure><div class=\"wp-block-media-text__content\">\n<p class=\"has-medium-font-size\">En entra\u00eenement : <\/p>\n\n\n\n<ul class=\"wp-block-list\"><li>Tee-shirt \/ d\u00e9bardeur \/ veste (en fonction de la temp\u00e9rature)<\/li><li>Short \/ Legging (en fonction de la temp\u00e9rature)<\/li><li>Chaussettes<\/li><li>Bouteille d&rsquo;eau<\/li><li>Cheveux attach\u00e9s, \u00e9lastique, barrettes, mais pas de grosse pince<\/li><\/ul>\n<\/div><\/div>\n\n\n\n<div class=\"wp-block-media-text alignwide is-stacked-on-mobile\" style=\"grid-template-columns:17% auto\"><figure class=\"wp-block-media-text__media\"><img loading=\"lazy\" decoding=\"async\" width=\"679\" height=\"1024\" src=\"http:\/\/usrogr.fr\/site\/wp-content\/uploads\/2021\/07\/competition-679x1024.png\" alt=\"\" class=\"wp-image-30812 size-full\" srcset=\"https:\/\/usrogr.fr\/site\/wp-content\/uploads\/2021\/07\/competition-679x1024.png 679w, https:\/\/usrogr.fr\/site\/wp-content\/uploads\/2021\/07\/competition-199x300.png 199w, https:\/\/usrogr.fr\/site\/wp-content\/uploads\/2021\/07\/competition.png 738w\" sizes=\"auto, (max-width: 679px) 100vw, 679px\" \/><\/figure><div class=\"wp-block-media-text__content\">\n<p class=\"has-medium-font-size\">En comp\u00e9tition : <\/p>\n\n\n\n<ul class=\"wp-block-list\"><li>Justaucorps (peut \u00eatre lou\u00e9 aupr\u00e8s du club)<\/li><li>Demi-pointes<\/li><li>Chignon<\/li><li>Tenue d&rsquo;entra\u00eenement<\/li><li>Engin<\/li><li>Bouteille d&rsquo;eau, collation<\/li><\/ul>\n<\/div><\/div>\n\n\n\n<p><\/p>\n","protected":false},"excerpt":{"rendered":"<p>La GR ou Gymnastique Rythmique est une discipline sportive m\u00ealant gymnastique et danse, auxquels s&rsquo;ajoute la manipulation d&rsquo;engins (corde, cerceau, ballon, massues et ruban). Les encha\u00eenements peuvent se pratiquer en individuel, ensemble (4-5 gymnastes voire jusqu&rsquo;\u00e0 10 dans certaines cat\u00e9gories) ou duo. La GR est un sport historiquement \u00e0 dominante f\u00e9minine mais s&rsquo;ouvre de plus [&hellip;]<\/p>\n","protected":false},"author":1,"featured_media":0,"parent":0,"menu_order":0,"comment_status":"closed","ping_status":"closed","template":"","meta":{"footnotes":""},"class_list":["post-181","page","type-page","status-publish","hentry"],"_links":{"self":[{"href":"https:\/\/usrogr.fr\/site\/wp-json\/wp\/v2\/pages\/181","targetHints":{"allow":["GET"]}}],"collection":[{"href":"https:\/\/usrogr.fr\/site\/wp-json\/wp\/v2\/pages"}],"about":[{"href":"https:\/\/usrogr.fr\/site\/wp-json\/wp\/v2\/types\/page"}],"author":[{"embeddable":true,"href":"https:\/\/usrogr.fr\/site\/wp-json\/wp\/v2\/users\/1"}],"replies":[{"embeddable":true,"href":"https:\/\/usrogr.fr\/site\/wp-json\/wp\/v2\/comments?post=181"}],"version-history":[{"count":14,"href":"https:\/\/usrogr.fr\/site\/wp-json\/wp\/v2\/pages\/181\/revisions"}],"predecessor-version":[{"id":30996,"href":"https:\/\/usrogr.fr\/site\/wp-json\/wp\/v2\/pages\/181\/revisions\/30996"}],"wp:attachment":[{"href":"https:\/\/usrogr.fr\/site\/wp-json\/wp\/v2\/media?parent=181"}],"curies":[{"name":"wp","href":"https:\/\/api.w.org\/{rel}","templated":true}]}}